CRAN Package Check Results for Package ruimtehol

Last updated on 2024-02-21 12:53:11 CET.

Flavor Version Tinstall Tcheck Ttotal Status Flags
r-devel-linux-x86_64-debian-clang 0.3.1 NOTE
r-devel-linux-x86_64-debian-gcc 0.3.1 224.79 353.13 577.92 NOTE
r-devel-linux-x86_64-fedora-clang 0.3.1 908.64 NOTE
r-devel-linux-x86_64-fedora-gcc 0.3.1 967.30 NOTE
r-devel-windows-x86_64 0.3.1 207.00 343.00 550.00 NOTE
r-patched-linux-x86_64 0.3.1 285.82 445.52 731.34 NOTE
r-release-linux-x86_64 0.3.1 273.87 474.79 748.66 NOTE
r-release-macos-arm64 0.3.1 432.00 NOTE
r-release-macos-x86_64 0.3.1 622.00 NOTE
r-release-windows-x86_64 0.3.1 189.00 361.00 550.00 NOTE
r-oldrel-macos-arm64 0.3.1 374.00 NOTE
r-oldrel-windows-x86_64 0.3.1 272.00 344.00 616.00 NOTE

Check Details

Version: 0.3.1
Check: C++ specification
Result: NOTE Specified C++11: please drop specification unless essential Flavors: r-devel-linux-x86_64-debian-clang, r-devel-linux-x86_64-debian-gcc, r-devel-linux-x86_64-fedora-clang, r-devel-linux-x86_64-fedora-gcc, r-devel-windows-x86_64, r-patched-linux-x86_64, r-release-linux-x86_64, r-release-macos-arm64, r-release-macos-x86_64, r-release-windows-x86_64

Version: 0.3.1
Check: Rd files
Result: NOTE checkRd: (-1) starspace.Rd:108: Lost braces; missing escapes or markup? 108 | \item loss: loss function {hinge, softmax} [hinge] | ^ checkRd: (-1) starspace_dictionary.Rd:15: Lost braces in \enumerate; \value handles \item{}{} directly checkRd: (-1) starspace_dictionary.Rd:16: Lost braces in \enumerate; \value handles \item{}{} directly checkRd: (-1) starspace_dictionary.Rd:17: Lost braces in \enumerate; \value handles \item{}{} directly checkRd: (-1) starspace_dictionary.Rd:18: Lost braces in \enumerate; \value handles \item{}{} directly checkRd: (-1) starspace_dictionary.Rd:19: Lost braces in \enumerate; \value handles \item{}{} directly checkRd: (-1) starspace_dictionary.Rd:20-21: Lost braces in \enumerate; \value handles \item{}{} directly Flavors: r-devel-linux-x86_64-debian-clang, r-devel-linux-x86_64-debian-gcc

Version: 0.3.1
Check: installed package size
Result: NOTE installed size is 5.7Mb sub-directories of 1Mb or more: data 3.8Mb libs 1.4Mb Flavors: r-devel-windows-x86_64, r-release-macos-arm64, r-release-macos-x86_64, r-release-windows-x86_64, r-oldrel-macos-arm64, r-oldrel-windows-x86_64