CRAN Package Check Results for Package rtypeform

Last updated on 2021-08-02 19:51:04 CEST.

Flavor Version Tinstall Tcheck Ttotal Status Flags
r-devel-linux-x86_64-debian-clang 2.1.0 7.10 57.67 64.77 NOTE
r-devel-linux-x86_64-debian-gcc 2.1.0 5.17 43.82 48.99 NOTE
r-devel-linux-x86_64-fedora-clang 2.1.0 85.18 NOTE
r-devel-linux-x86_64-fedora-gcc 2.1.0 73.03 NOTE
r-devel-windows-x86_64 2.1.0 10.00 79.00 89.00 NOTE
r-devel-windows-x86_64-gcc10-UCRT 2.1.0 NOTE
r-patched-linux-x86_64 2.1.0 NOTE
r-patched-solaris-x86 2.1.0 100.50 NOTE
r-release-linux-x86_64 2.1.0 6.88 54.51 61.39 NOTE
r-release-macos-arm64 2.1.0 NOTE
r-release-macos-x86_64 2.1.0 NOTE
r-release-windows-ix86+x86_64 2.1.0 13.00 54.00 67.00 NOTE
r-oldrel-macos-x86_64 2.1.0 OK
r-oldrel-windows-ix86+x86_64 2.1.0 10.00 78.00 88.00 OK

Check Details

Version: 2.1.0
Check: LazyData
Result: NOTE
     'LazyData' is specified without a 'data' directory
Flavors: r-devel-linux-x86_64-debian-clang, r-devel-linux-x86_64-debian-gcc, r-devel-linux-x86_64-fedora-clang, r-devel-linux-x86_64-fedora-gcc, r-devel-windows-x86_64, r-devel-windows-x86_64-gcc10-UCRT, r-patched-linux-x86_64, r-patched-solaris-x86, r-release-linux-x86_64, r-release-macos-arm64, r-release-macos-x86_64, r-release-windows-ix86+x86_64