CRAN Package Check Results for Package rtop

Last updated on 2021-06-19 01:50:34 CEST.

Flavor Version Tinstall Tcheck Ttotal Status Flags
r-devel-linux-x86_64-debian-clang 0.5-14 10.84 98.29 109.13 OK
r-devel-linux-x86_64-debian-gcc 0.5-14 9.32 73.56 82.88 OK
r-devel-linux-x86_64-fedora-clang 0.5-14 130.90 OK
r-devel-linux-x86_64-fedora-gcc 0.5-14 120.25 OK
r-devel-windows-x86_64 0.5-14 17.00 124.00 141.00 OK
r-devel-windows-x86_64-gcc10-UCRT 0.5-14 OK
r-patched-linux-x86_64 0.5-14 12.87 92.56 105.43 OK
r-patched-solaris-x86 0.5-14 160.00 OK
r-release-linux-x86_64 0.5-14 10.67 93.63 104.30 OK
r-release-macos-arm64 0.5-14 ERROR
r-release-macos-x86_64 0.5-14 OK
r-release-windows-ix86+x86_64 0.5-14 22.00 185.00 207.00 OK
r-oldrel-macos-x86_64 0.5-14 OK
r-oldrel-windows-ix86+x86_64 0.5-14 19.00 160.00 179.00 OK

Check Details

Version: 0.5-14
Check: package dependencies
Result: NOTE
    Packages suggested but not available for checking: 'intamap', 'rgdal'
Flavor: r-release-macos-arm64

Version: 0.5-14
Check: examples
Result: ERROR
    Running examples in ‘rtop-Ex.R’ failed
    The error most likely occurred in:
    
    > ### Name: createRtopObject
    > ### Title: Create an object for interpolation within the rtop package
    > ### Aliases: createRtopObject
    > ### Keywords: spatial
    >
    > ### ** Examples
    >
    > ## Not run:
    > library(rgdal)
    Error in library(rgdal) : there is no package called ‘rgdal’
    Execution halted
Flavor: r-release-macos-arm64

Version: 0.5-14
Check: tests
Result: ERROR
     Running ‘rtop.R’ [0s/0s]
    Running the tests in ‘tests/rtop.R’ failed.
    Complete output:
     > set.seed(1501)
     > #-----------------------------
     > library(rtop)
     Loading required package: sp
     > library(rgdal)
     Error in library(rgdal) : there is no package called 'rgdal'
     Execution halted
Flavor: r-release-macos-arm64