CRAN Package Check Results for Package rtimicropem

Last updated on 2021-06-14 07:48:49 CEST.

Flavor Version Tinstall Tcheck Ttotal Status Flags
r-devel-linux-x86_64-debian-clang 1.4.0 7.99 79.31 87.30 OK
r-devel-linux-x86_64-debian-gcc 1.4.0 4.95 59.59 64.54 OK
r-devel-linux-x86_64-fedora-clang 1.4.0 110.78 NOTE
r-devel-linux-x86_64-fedora-gcc 1.4.0 100.79 NOTE
r-devel-windows-x86_64 1.4.0 12.00 104.00 116.00 OK
r-devel-windows-x86_64-gcc10-UCRT 1.4.0 NOTE
r-patched-linux-x86_64 1.4.0 10.75 77.33 88.08 OK
r-patched-solaris-x86 1.4.0 145.90 NOTE
r-release-linux-x86_64 1.4.0 5.55 76.64 82.19 OK
r-release-macos-arm64 1.4.0 NOTE
r-release-macos-x86_64 1.4.0 NOTE
r-release-windows-ix86+x86_64 1.4.0 17.00 103.00 120.00 OK
r-oldrel-macos-x86_64 1.4.0 NOTE
r-oldrel-windows-ix86+x86_64 1.4.0 18.00 107.00 125.00 OK

Check Details

Version: 1.4.0
Check: dependencies in R code
Result: NOTE
    Namespace in Imports field not imported from: ‘R6’
     All declared Imports should be used.
Flavors: r-devel-linux-x86_64-fedora-clang, r-devel-linux-x86_64-fedora-gcc, r-devel-windows-x86_64-gcc10-UCRT, r-patched-solaris-x86, r-release-macos-arm64, r-release-macos-x86_64, r-oldrel-macos-x86_64