CRAN Package Check Results for Package rticulate

Last updated on 2021-11-26 19:53:04 CET.

Flavor Version Tinstall Tcheck Ttotal Status Flags
r-devel-linux-x86_64-debian-clang 1.7.2 5.95 71.67 77.62 OK
r-devel-linux-x86_64-debian-gcc 1.7.2 4.58 55.07 59.65 OK
r-devel-linux-x86_64-fedora-clang 1.7.2 98.57 NOTE
r-devel-linux-x86_64-fedora-gcc 1.7.2 88.44 NOTE
r-devel-windows-x86_64-new-UL 1.7.2 16.00 150.00 166.00 OK
r-devel-windows-x86_64-new-TK 1.7.2 NOTE
r-devel-windows-x86_64-old 1.7.2 9.00 101.00 110.00 OK
r-patched-linux-x86_64 1.7.2 5.14 75.22 80.36 OK
r-patched-solaris-x86 1.7.2 99.50 NOTE
r-release-linux-x86_64 1.7.2 OK
r-release-macos-arm64 1.7.2 NOTE
r-release-macos-x86_64 1.7.2 NOTE
r-release-windows-ix86+x86_64 1.7.2 14.00 72.00 86.00 OK
r-oldrel-macos-x86_64 1.7.2 NOTE
r-oldrel-windows-ix86+x86_64 1.7.2 14.00 109.00 123.00 OK

Check Details

Version: 1.7.2
Check: dependencies in R code
Result: NOTE
    Namespaces in Imports field not imported from:
     ‘stringr’ ‘tidyverse’
     All declared Imports should be used.
Flavors: r-devel-linux-x86_64-fedora-clang, r-devel-linux-x86_64-fedora-gcc, r-devel-windows-x86_64-new-TK, r-patched-solaris-x86, r-release-macos-arm64, r-release-macos-x86_64, r-oldrel-macos-x86_64