CRAN Package Check Results for Package rticles

Last updated on 2024-06-24 21:56:56 CEST.

Flavor Version Tinstall Tcheck Ttotal Status Flags
r-devel-linux-x86_64-debian-clang 0.27 6.26 41.93 48.19 NOTE
r-devel-linux-x86_64-debian-gcc 0.27 4.36 31.05 35.41 NOTE
r-devel-linux-x86_64-fedora-clang 0.27 59.31 NOTE
r-devel-linux-x86_64-fedora-gcc 0.27 54.74 NOTE
r-devel-windows-x86_64 0.27 10.00 54.00 64.00 NOTE
r-patched-linux-x86_64 0.27 7.19 38.86 46.05 NOTE
r-release-linux-x86_64 0.27 6.66 38.89 45.55 NOTE
r-release-macos-arm64 0.27 23.00 NOTE
r-release-macos-x86_64 0.27 36.00 NOTE
r-release-windows-x86_64 0.27 10.00 53.00 63.00 NOTE
r-oldrel-macos-arm64 0.27 27.00 NOTE
r-oldrel-macos-x86_64 0.27 47.00 NOTE
r-oldrel-windows-x86_64 0.27 9.00 59.00 68.00 NOTE

Check Details

Version: 0.27
Check: for GNU extensions in Makefiles
Result: NOTE GNU make is a SystemRequirements. Flavors: r-devel-linux-x86_64-debian-clang, r-devel-linux-x86_64-debian-gcc, r-devel-linux-x86_64-fedora-clang, r-devel-linux-x86_64-fedora-gcc, r-devel-windows-x86_64, r-patched-linux-x86_64, r-release-linux-x86_64, r-release-macos-arm64, r-release-macos-x86_64, r-release-windows-x86_64, r-oldrel-macos-arm64, r-oldrel-macos-x86_64, r-oldrel-windows-x86_64

Version: 0.27
Check: installed package size
Result: NOTE installed size is 11.9Mb sub-directories of 1Mb or more: rmarkdown 11.7Mb Flavors: r-devel-linux-x86_64-fedora-clang, r-devel-windows-x86_64, r-release-macos-arm64, r-release-macos-x86_64, r-release-windows-x86_64, r-oldrel-macos-arm64, r-oldrel-macos-x86_64, r-oldrel-windows-x86_64