CRAN Package Check Results for Package rsyntax

Last updated on 2021-09-25 01:50:31 CEST.

Flavor Version Tinstall Tcheck Ttotal Status Flags
r-devel-linux-x86_64-debian-clang 0.1.2 7.79 68.51 76.30 OK
r-devel-linux-x86_64-debian-gcc 0.1.2 5.54 49.84 55.38 OK
r-devel-linux-x86_64-fedora-clang 0.1.2 95.41 NOTE
r-devel-linux-x86_64-fedora-gcc 0.1.2 85.30 OK
r-devel-windows-x86_64 0.1.2 7.00 69.00 76.00 OK
r-devel-windows-x86_64-gcc10-UCRT 0.1.2 OK
r-patched-linux-x86_64 0.1.2 7.92 64.15 72.07 OK
r-patched-solaris-x86 0.1.2 110.20 OK
r-release-linux-x86_64 0.1.2 7.00 66.32 73.32 OK
r-release-macos-arm64 0.1.2 OK
r-release-macos-x86_64 0.1.2 OK
r-release-windows-ix86+x86_64 0.1.2 12.00 70.00 82.00 OK
r-oldrel-macos-x86_64 0.1.2 OK
r-oldrel-windows-ix86+x86_64 0.1.2 10.00 68.00 78.00 OK

Check Details

Version: 0.1.2
Check: Rd cross-references
Result: NOTE
    Undeclared package ‘spacyr’ in Rd xrefs
Flavor: r-devel-linux-x86_64-fedora-clang