CRAN Package Check Results for Package rsprite2

Last updated on 2022-12-04 00:51:39 CET.

Flavor Version Tinstall Tcheck Ttotal Status Flags
r-devel-linux-x86_64-debian-clang 0.2.0 2.00 36.62 38.62 OK
r-devel-linux-x86_64-debian-gcc 0.2.0 1.93 28.65 30.58 OK
r-devel-linux-x86_64-fedora-clang 0.2.0 60.74 OK
r-devel-linux-x86_64-fedora-gcc 0.2.0 58.82 OK
r-devel-windows-x86_64 0.2.0 14.00 66.00 80.00 OK
r-patched-linux-x86_64 0.2.0 3.23 35.22 38.45 OK
r-release-linux-x86_64 0.2.0 3.19 35.83 39.02 OK
r-release-macos-arm64 0.2.0 19.00 OK
r-release-macos-x86_64 0.2.0 27.00 OK
r-release-windows-x86_64 0.2.0 11.00 64.00 75.00 OK
r-oldrel-macos-arm64 0.2.0 22.00 OK
r-oldrel-macos-x86_64 0.2.0 31.00 OK
r-oldrel-windows-ix86+x86_64 0.2.0 7.00 72.00 79.00 WARN

Check Details

Version: 0.2.0
Check: for unstated dependencies in ‘tests’
Result: WARN
    Warning: unable to access index for repository https://bioconductor.org/packages/3.14/bioc/src/contrib:
     cannot open URL 'https://bioconductor.org/packages/3.14/bioc/src/contrib/PACKAGES'
    Warning: unable to access index for repository https://bioconductor.org/packages/3.14/data/annotation/src/contrib:
     cannot open URL 'https://bioconductor.org/packages/3.14/data/annotation/src/contrib/PACKAGES'
    Warning: unable to access index for repository https://bioconductor.org/packages/3.14/data/experiment/src/contrib:
     cannot open URL 'https://bioconductor.org/packages/3.14/data/experiment/src/contrib/PACKAGES'
Flavor: r-oldrel-windows-ix86+x86_64