Last updated on 2023-03-31 12:54:23 CEST.
Flavor | Version | Tinstall | Tcheck | Ttotal | Status | Flags |
---|---|---|---|---|---|---|
r-devel-linux-x86_64-debian-clang | 0.2.19 | 7.83 | 49.11 | 56.94 | NOTE | |
r-devel-linux-x86_64-debian-gcc | 0.2.19 | 6.06 | 37.06 | 43.12 | NOTE | |
r-devel-linux-x86_64-fedora-clang | 0.2.19 | 70.03 | NOTE | |||
r-devel-linux-x86_64-fedora-gcc | 0.2.19 | 75.17 | NOTE | |||
r-patched-linux-x86_64 | 0.2.19 | 6.77 | 48.26 | 55.03 | NOTE | |
r-release-linux-x86_64 | 0.2.19 | 5.97 | 45.83 | 51.80 | NOTE | |
r-release-macos-arm64 | 0.2.19 | 20.00 | NOTE | |||
r-release-macos-x86_64 | 0.2.19 | 35.00 | NOTE | |||
r-release-windows-x86_64 | 0.2.19 | 9.00 | 69.00 | 78.00 | NOTE | |
r-oldrel-macos-arm64 | 0.2.19 | 24.00 | NOTE | |||
r-oldrel-macos-x86_64 | 0.2.19 | 27.00 | NOTE | |||
r-oldrel-windows-ix86+x86_64 | 0.2.19 | 19.00 | 67.00 | 86.00 | NOTE |
Version: 0.2.19
Check: LazyData
Result: NOTE
'LazyData' is specified without a 'data' directory
Flavors: r-devel-linux-x86_64-debian-clang, r-devel-linux-x86_64-debian-gcc, r-devel-linux-x86_64-fedora-clang, r-devel-linux-x86_64-fedora-gcc, r-patched-linux-x86_64, r-release-linux-x86_64, r-release-macos-arm64, r-release-macos-x86_64, r-release-windows-x86_64, r-oldrel-macos-arm64, r-oldrel-macos-x86_64, r-oldrel-windows-ix86+x86_64
Version: 0.2.19
Check: dependencies in R code
Result: NOTE
Namespace in Imports field not imported from: ‘h2o’
All declared Imports should be used.
Flavors: r-devel-linux-x86_64-fedora-clang, r-devel-linux-x86_64-fedora-gcc, r-release-macos-arm64, r-release-macos-x86_64, r-oldrel-macos-arm64, r-oldrel-macos-x86_64