CRAN Package Check Results for Package rsparkling

Last updated on 2024-04-22 07:02:42 CEST.

Flavor Version Tinstall Tcheck Ttotal Status Flags
r-devel-linux-x86_64-debian-clang 0.2.19 8.59 49.49 58.08 NOTE
r-devel-linux-x86_64-debian-gcc 0.2.19 5.91 36.10 42.01 NOTE
r-devel-linux-x86_64-fedora-clang 0.2.19 70.67 NOTE
r-devel-linux-x86_64-fedora-gcc 0.2.19 66.24 NOTE
r-prerel-macos-arm64 0.2.19 26.00 NOTE
r-prerel-windows-x86_64 0.2.19 8.00 45.00 53.00 NOTE
r-patched-linux-x86_64 0.2.19 4.46 47.10 51.56 NOTE
r-release-linux-x86_64 0.2.19 4.46 47.19 51.65 NOTE
r-release-macos-arm64 0.2.19 25.00 NOTE
r-release-macos-x86_64 0.2.19 37.00 NOTE
r-release-windows-x86_64 0.2.19 9.00 55.00 64.00 NOTE
r-oldrel-macos-arm64 0.2.19 20.00 NOTE
r-oldrel-windows-x86_64 0.2.19 10.00 58.00 68.00 NOTE

Check Details

Version: 0.2.19
Check: LazyData
Result: NOTE 'LazyData' is specified without a 'data' directory Flavors: r-devel-linux-x86_64-debian-clang, r-devel-linux-x86_64-debian-gcc, r-devel-linux-x86_64-fedora-clang, r-devel-linux-x86_64-fedora-gcc, r-prerel-macos-arm64, r-prerel-windows-x86_64, r-patched-linux-x86_64, r-release-linux-x86_64, r-release-macos-arm64, r-release-macos-x86_64, r-release-windows-x86_64, r-oldrel-macos-arm64, r-oldrel-windows-x86_64

Version: 0.2.19
Check: dependencies in R code
Result: NOTE Namespace in Imports field not imported from: ‘h2o’ All declared Imports should be used. Flavors: r-devel-linux-x86_64-fedora-clang, r-devel-linux-x86_64-fedora-gcc, r-oldrel-macos-arm64