CRAN Package Check Results for Package rsinaica

Last updated on 2021-07-26 01:50:31 CEST.

Flavor Version Tinstall Tcheck Ttotal Status Flags
r-devel-linux-x86_64-debian-clang 0.6.1 6.22 58.01 64.23 OK
r-devel-linux-x86_64-debian-gcc 0.6.1 4.63 42.92 47.55 OK
r-devel-linux-x86_64-fedora-clang 0.6.1 83.32 NOTE
r-devel-windows-x86_64 0.6.1 9.00 81.00 90.00 OK
r-devel-windows-x86_64-gcc10-UCRT 0.6.1 NOTE
r-patched-linux-x86_64 0.6.1 6.22 54.66 60.88 OK
r-patched-solaris-x86 0.6.1 106.00 NOTE
r-release-linux-x86_64 0.6.1 6.19 53.52 59.71 OK
r-release-macos-arm64 0.6.1 NOTE
r-release-macos-x86_64 0.6.1 NOTE
r-release-windows-ix86+x86_64 0.6.1 14.00 75.00 89.00 OK
r-oldrel-macos-x86_64 0.6.1 NOTE
r-oldrel-windows-ix86+x86_64 0.6.1 10.00 88.00 98.00 OK

Check Details

Version: 0.6.1
Check: data for non-ASCII characters
Result: NOTE
     Note: found 467 marked UTF-8 strings
Flavors: r-devel-linux-x86_64-fedora-clang, r-devel-windows-x86_64-gcc10-UCRT, r-patched-solaris-x86, r-release-macos-arm64, r-release-macos-x86_64, r-oldrel-macos-x86_64