CRAN Package Check Results for Package rsat

Last updated on 2024-06-14 00:53:57 CEST.

Flavor Version Tinstall Tcheck Ttotal Status Flags
r-devel-linux-x86_64-debian-clang 0.1.21 78.64 518.28 596.92 OK
r-devel-linux-x86_64-debian-gcc 0.1.21 0.67 1.85 2.52 ERROR
r-devel-linux-x86_64-fedora-clang 0.1.21 733.39 OK
r-devel-linux-x86_64-fedora-gcc 0.1.21 684.32 OK
r-devel-windows-x86_64 0.1.21 52.00 390.00 442.00 OK
r-patched-linux-x86_64 0.1.21 49.00 483.06 532.06 OK
r-release-linux-x86_64 0.1.21 45.91 480.50 526.41 OK
r-release-macos-arm64 0.1.21 326.00 OK
r-release-macos-x86_64 0.1.21 433.00 OK
r-release-windows-x86_64 0.1.21 54.00 399.00 453.00 OK
r-oldrel-macos-arm64 0.1.21 299.00 OK
r-oldrel-macos-x86_64 0.1.21 422.00 OK
r-oldrel-windows-x86_64 0.1.21 70.00 479.00 549.00 OK

Check Details

Version: 0.1.21
Check: package dependencies
Result: ERROR Packages required but not available: 'rvest', 'tmap', 'calendR' Package suggested but not available for checking: ‘testthat’ See section ‘The DESCRIPTION file’ in the ‘Writing R Extensions’ manual. Flavor: r-devel-linux-x86_64-debian-gcc