Last updated on 2023-06-02 22:01:24 CEST.
Flavor | Version | Tinstall | Tcheck | Ttotal | Status | Flags |
---|---|---|---|---|---|---|
r-devel-linux-x86_64-debian-clang | 1.0 | 3.22 | 48.42 | 51.64 | NOTE | |
r-devel-linux-x86_64-debian-gcc | 1.0 | 2.48 | 37.50 | 39.98 | NOTE | |
r-devel-linux-x86_64-fedora-clang | 1.0 | 67.88 | NOTE | |||
r-devel-linux-x86_64-fedora-gcc | 1.0 | 72.20 | NOTE | |||
r-devel-windows-x86_64 | 1.0 | 4.00 | 59.00 | 63.00 | NOTE | |
r-patched-linux-x86_64 | 1.0 | NOTE | ||||
r-release-linux-x86_64 | 1.0 | 2.95 | 46.85 | 49.80 | NOTE | |
r-release-macos-arm64 | 1.0 | 29.00 | NOTE | |||
r-release-macos-x86_64 | 1.0 | 51.00 | NOTE | |||
r-release-windows-x86_64 | 1.0 | 5.00 | 63.00 | 68.00 | NOTE | |
r-oldrel-macos-arm64 | 1.0 | 23.00 | NOTE | |||
r-oldrel-macos-x86_64 | 1.0 | 35.00 | NOTE | |||
r-oldrel-windows-x86_64 | 1.0 | 5.00 | 65.00 | 70.00 | NOTE |
Version: 1.0
Check: LazyData
Result: NOTE
'LazyData' is specified without a 'data' directory
Flavors: r-devel-linux-x86_64-debian-clang, r-devel-linux-x86_64-debian-gcc, r-devel-linux-x86_64-fedora-clang, r-devel-linux-x86_64-fedora-gcc, r-devel-windows-x86_64, r-patched-linux-x86_64, r-release-linux-x86_64, r-release-macos-arm64, r-release-macos-x86_64, r-release-windows-x86_64, r-oldrel-macos-arm64, r-oldrel-macos-x86_64, r-oldrel-windows-x86_64
Version: 1.0
Check: dependencies in R code
Result: NOTE
Namespace in Imports field not imported from: ‘abind’
All declared Imports should be used.
Flavors: r-devel-linux-x86_64-fedora-clang, r-devel-linux-x86_64-fedora-gcc, r-oldrel-macos-arm64, r-oldrel-macos-x86_64