CRAN Package Check Results for Package rrscale

Last updated on 2024-02-26 21:53:03 CET.

Flavor Version Tinstall Tcheck Ttotal Status Flags
r-devel-linux-x86_64-debian-clang 1.0 3.16 49.81 52.97 NOTE
r-devel-linux-x86_64-debian-gcc 1.0 2.50 37.39 39.89 NOTE
r-devel-linux-x86_64-fedora-clang 1.0 64.92 NOTE
r-devel-linux-x86_64-fedora-gcc 1.0 73.35 NOTE
r-devel-windows-x86_64 1.0 4.00 60.00 64.00 NOTE
r-patched-linux-x86_64 1.0 2.06 47.63 49.69 NOTE
r-release-linux-x86_64 1.0 1.93 48.02 49.95 NOTE
r-release-macos-arm64 1.0 29.00 NOTE
r-release-macos-x86_64 1.0 51.00 NOTE
r-release-windows-x86_64 1.0 4.00 64.00 68.00 NOTE
r-oldrel-macos-arm64 1.0 23.00 NOTE
r-oldrel-windows-x86_64 1.0 4.00 67.00 71.00 NOTE

Check Details

Version: 1.0
Check: LazyData
Result: NOTE 'LazyData' is specified without a 'data' directory Flavors: r-devel-linux-x86_64-debian-clang, r-devel-linux-x86_64-debian-gcc, r-devel-linux-x86_64-fedora-clang, r-devel-linux-x86_64-fedora-gcc, r-devel-windows-x86_64, r-patched-linux-x86_64, r-release-linux-x86_64, r-release-macos-arm64, r-release-macos-x86_64, r-release-windows-x86_64, r-oldrel-macos-arm64, r-oldrel-windows-x86_64

Version: 1.0
Check: dependencies in R code
Result: NOTE Namespace in Imports field not imported from: ‘abind’ All declared Imports should be used. Flavors: r-devel-linux-x86_64-fedora-clang, r-devel-linux-x86_64-fedora-gcc, r-oldrel-macos-arm64