CRAN Package Check Results for Package rqPen

Last updated on 2021-09-19 13:49:33 CEST.

Flavor Version Tinstall Tcheck Ttotal Status Flags
r-devel-linux-x86_64-debian-clang 2.2.2 13.97 100.32 114.29 OK
r-devel-linux-x86_64-debian-gcc 2.2.2 10.86 75.98 86.84 OK
r-devel-linux-x86_64-fedora-clang 2.2.2 143.67 OK
r-devel-linux-x86_64-fedora-gcc 2.2.2 132.59 OK
r-devel-windows-x86_64 2.2.2 17.00 138.00 155.00 OK
r-devel-windows-x86_64-gcc10-UCRT 2.2.2 ERROR
r-patched-linux-x86_64 2.2.2 13.69 96.50 110.19 OK
r-patched-solaris-x86 2.2.2 183.70 OK
r-release-linux-x86_64 2.2.2 12.75 97.08 109.83 OK
r-release-macos-arm64 2.2.2 OK
r-release-macos-x86_64 2.2.2 OK
r-release-windows-ix86+x86_64 2.2.2 32.00 141.00 173.00 OK
r-oldrel-macos-x86_64 2.2.2 OK
r-oldrel-windows-ix86+x86_64 2.2.2 33.00 149.00 182.00 OK

Check Details

Version: 2.2.2
Check: whether package can be installed
Result: ERROR
    Installation failed.
Flavor: r-devel-windows-x86_64-gcc10-UCRT