CRAN Package Check Results for Package rpf

Last updated on 2024-02-28 21:49:58 CET.

Flavor Version Tinstall Tcheck Ttotal Status Flags
r-devel-linux-x86_64-debian-clang 1.0.14 173.39 96.63 270.02 OK
r-devel-linux-x86_64-debian-gcc 1.0.14 122.44 75.24 197.68 OK
r-devel-linux-x86_64-fedora-clang 1.0.14 350.73 OK
r-devel-linux-x86_64-fedora-gcc 1.0.14 388.95 OK
r-devel-windows-x86_64 1.0.14 118.00 128.00 246.00 OK
r-patched-linux-x86_64 1.0.14 167.76 99.15 266.91 OK
r-release-linux-x86_64 1.0.14 161.54 97.46 259.00 OK
r-release-macos-arm64 1.0.14 96.00 NOTE
r-release-macos-x86_64 1.0.14 143.00 NOTE
r-release-windows-x86_64 1.0.14 149.00 151.00 300.00 OK
r-oldrel-macos-arm64 1.0.14 80.00 NOTE
r-oldrel-windows-x86_64 1.0.14 134.00 128.00 262.00 OK

Check Details

Version: 1.0.14
Check: installed package size
Result: NOTE installed size is 20.6Mb sub-directories of 1Mb or more: libs 19.6Mb Flavors: r-release-macos-arm64, r-release-macos-x86_64, r-oldrel-macos-arm64