CRAN Package Check Results for Package rosm

Last updated on 2024-05-19 00:52:28 CEST.

Flavor Version Tinstall Tcheck Ttotal Status Flags
r-devel-linux-x86_64-debian-clang 0.3.0 3.94 49.46 53.40 NOTE
r-devel-linux-x86_64-debian-gcc 0.3.0 3.29 37.24 40.53 NOTE
r-devel-linux-x86_64-fedora-clang 0.3.0 65.01 NOTE
r-devel-linux-x86_64-fedora-gcc 0.3.0 77.74 NOTE
r-devel-windows-x86_64 0.3.0 4.00 56.00 60.00 NOTE
r-patched-linux-x86_64 0.3.0 4.78 48.24 53.02 NOTE
r-release-linux-x86_64 0.3.0 4.52 48.14 52.66 NOTE
r-release-macos-arm64 0.3.0 25.00 NOTE
r-release-windows-x86_64 0.3.0 5.00 56.00 61.00 NOTE
r-oldrel-macos-arm64 0.3.0 26.00 OK
r-oldrel-macos-x86_64 0.3.0 53.00 OK
r-oldrel-windows-x86_64 0.3.0 5.00 65.00 70.00 OK

Check Details

Version: 0.3.0
Check: Rd files
Result: NOTE checkRd: (-1) osm_url_spec.Rd:23: Lost braces; missing escapes or markup? 23 | \item{server_url}{A url using `{x}`, `{y}`, and `{z}` for the x, y, and | ^ checkRd: (-1) osm_url_spec.Rd:23: Lost braces; missing escapes or markup? 23 | \item{server_url}{A url using `{x}`, `{y}`, and `{z}` for the x, y, and | ^ checkRd: (-1) osm_url_spec.Rd:23: Lost braces; missing escapes or markup? 23 | \item{server_url}{A url using `{x}`, `{y}`, and `{z}` for the x, y, and | ^ Flavors: r-devel-linux-x86_64-debian-clang, r-devel-linux-x86_64-debian-gcc, r-devel-linux-x86_64-fedora-clang, r-devel-linux-x86_64-fedora-gcc, r-devel-windows-x86_64, r-patched-linux-x86_64, r-release-linux-x86_64, r-release-macos-arm64, r-release-windows-x86_64