CRAN Package Check Results for Package rosm

Last updated on 2021-06-14 07:48:49 CEST.

Flavor Version Tinstall Tcheck Ttotal Status Flags
r-devel-linux-x86_64-debian-clang 0.2.5 3.87 42.22 46.09 NOTE
r-devel-linux-x86_64-debian-gcc 0.2.5 3.11 32.74 35.85 NOTE
r-devel-linux-x86_64-fedora-clang 0.2.5 61.11 NOTE
r-devel-linux-x86_64-fedora-gcc 0.2.5 51.71 NOTE
r-devel-windows-x86_64 0.2.5 6.00 66.00 72.00 NOTE
r-devel-windows-x86_64-gcc10-UCRT 0.2.5 NOTE
r-patched-linux-x86_64 0.2.5 3.31 41.44 44.75 NOTE
r-patched-solaris-x86 0.2.5 77.70 NOTE
r-release-linux-x86_64 0.2.5 3.39 41.19 44.58 NOTE
r-release-macos-arm64 0.2.5 NOTE
r-release-macos-x86_64 0.2.5 NOTE
r-release-windows-ix86+x86_64 0.2.5 7.00 64.00 71.00 NOTE
r-oldrel-macos-x86_64 0.2.5 OK
r-oldrel-windows-ix86+x86_64 0.2.5 17.00 65.00 82.00 OK

Check Details

Version: 0.2.5
Check: LazyData
Result: NOTE
     'LazyData' is specified without a 'data' directory
Flavors: r-devel-linux-x86_64-debian-clang, r-devel-linux-x86_64-debian-gcc, r-devel-linux-x86_64-fedora-clang, r-devel-linux-x86_64-fedora-gcc, r-devel-windows-x86_64, r-devel-windows-x86_64-gcc10-UCRT, r-patched-linux-x86_64, r-patched-solaris-x86, r-release-linux-x86_64, r-release-macos-arm64, r-release-macos-x86_64, r-release-windows-ix86+x86_64

Version: 0.2.5
Check: package dependencies
Result: NOTE
    Package suggested but not available for checking: 'cartography'
Flavors: r-devel-windows-x86_64-gcc10-UCRT, r-release-macos-arm64