CRAN Package Check Results for Package roptions

Last updated on 2022-10-04 07:49:58 CEST.

Flavor Version Tinstall Tcheck Ttotal Status Flags
r-devel-linux-x86_64-debian-clang 1.0.3 8.91 70.40 79.31 NOTE
r-devel-linux-x86_64-debian-gcc 1.0.3 6.55 52.49 59.04 NOTE
r-devel-linux-x86_64-fedora-clang 1.0.3 108.45 NOTE
r-devel-linux-x86_64-fedora-gcc 1.0.3 100.25 NOTE
r-devel-windows-x86_64 1.0.3 13.00 101.00 114.00 NOTE
r-patched-linux-x86_64 1.0.3 7.22 64.11 71.33 NOTE
r-release-linux-x86_64 1.0.3 5.67 65.41 71.08 NOTE
r-release-macos-arm64 1.0.3 30.00 NOTE
r-release-macos-x86_64 1.0.3 50.00 NOTE
r-release-windows-x86_64 1.0.3 28.00 96.00 124.00 NOTE
r-oldrel-macos-arm64 1.0.3 35.00 NOTE
r-oldrel-macos-x86_64 1.0.3 51.00 NOTE
r-oldrel-windows-ix86+x86_64 1.0.3 20.00 91.00 111.00 NOTE

Check Details

Version: 1.0.3
Check: LazyData
Result: NOTE
     'LazyData' is specified without a 'data' directory
Flavors: r-devel-linux-x86_64-debian-clang, r-devel-linux-x86_64-debian-gcc, r-devel-linux-x86_64-fedora-clang, r-devel-linux-x86_64-fedora-gcc, r-devel-windows-x86_64, r-patched-linux-x86_64, r-release-linux-x86_64, r-release-macos-arm64, r-release-macos-x86_64, r-release-windows-x86_64, r-oldrel-macos-arm64, r-oldrel-macos-x86_64, r-oldrel-windows-ix86+x86_64