CRAN Package Check Results for Package ropercenter

Last updated on 2024-06-19 06:58:12 CEST.

Flavor Version Tinstall Tcheck Ttotal Status Flags
r-devel-linux-x86_64-debian-clang 0.3.2 8.43 60.15 68.58 NOTE
r-devel-linux-x86_64-debian-gcc 0.3.2 5.68 46.09 51.77 NOTE
r-devel-linux-x86_64-fedora-clang 0.3.2 88.21 NOTE
r-devel-linux-x86_64-fedora-gcc 0.3.2 93.51 NOTE
r-devel-windows-x86_64 0.3.2 8.00 69.00 77.00 NOTE
r-patched-linux-x86_64 0.3.2 5.50 59.00 64.50 NOTE
r-release-linux-x86_64 0.3.2 5.62 57.25 62.87 NOTE
r-release-macos-arm64 0.3.2 35.00 NOTE
r-release-macos-x86_64 0.3.2 76.00 NOTE
r-release-windows-x86_64 0.3.2 7.00 70.00 77.00 NOTE
r-oldrel-macos-arm64 0.3.2 33.00 OK
r-oldrel-macos-x86_64 0.3.2 87.00 OK
r-oldrel-windows-x86_64 0.3.2 9.00 73.00 82.00 OK

Check Details

Version: 0.3.2
Check: Rd files
Result: NOTE checkRd: (-1) read_ascii.Rd:33: Lost braces 33 | \item{respondent_pattern}{For use when the file does not contain a line for every card for every respondent (or contains extra lines that correspond to no respondent), a regular expression that matches the file's respondent identifier; e.g., if the respondent number is stored in the first four digits of each line, preceded by a space, "(?<=^\\s)\\d{4}".} | ^ Flavors: r-devel-linux-x86_64-debian-clang, r-devel-linux-x86_64-debian-gcc, r-devel-linux-x86_64-fedora-clang, r-devel-linux-x86_64-fedora-gcc, r-devel-windows-x86_64, r-patched-linux-x86_64, r-release-linux-x86_64, r-release-macos-arm64, r-release-macos-x86_64, r-release-windows-x86_64