CRAN Package Check Results for Package rolog

Last updated on 2022-09-28 06:54:18 CEST.

Flavor Version Tinstall Tcheck Ttotal Status Flags
r-devel-linux-x86_64-debian-clang 0.9.4 230.83 69.51 300.34 WARN
r-devel-linux-x86_64-debian-gcc 0.9.4 191.97 55.77 247.74 WARN
r-devel-linux-x86_64-fedora-clang 0.9.4 426.19 NOTE
r-devel-linux-x86_64-fedora-gcc 0.9.4 406.60 NOTE
r-devel-windows-x86_64 0.9.4 6717.00 159.00 6876.00 NOTE
r-patched-linux-x86_64 0.9.4 220.79 68.33 289.12 WARN
r-release-linux-x86_64 0.9.4 216.31 67.89 284.20 WARN
r-release-macos-arm64 0.9.4 187.00 NOTE
r-release-macos-x86_64 0.9.4 257.00 NOTE
r-release-windows-x86_64 0.9.4 6273.00 158.00 6431.00 NOTE

Check Details

Version: 0.9.4
Check: whether package can be installed
Result: WARN
    Found the following significant warnings:
     /tmp/RtmpcoaR5j/R.INSTALL1855a267aac712/rolog/src/swipl-devel/src/os/pl-os.c:2159:26: warning: the comparison will always evaluate as 'true' for the address of 'S__iob' will never be NULL [-Waddress]
Flavor: r-devel-linux-x86_64-debian-clang

Version: 0.9.4
Check: for GNU extensions in Makefiles
Result: NOTE
    GNU make is a SystemRequirements.
Flavors: r-devel-linux-x86_64-debian-clang, r-devel-linux-x86_64-debian-gcc, r-devel-linux-x86_64-fedora-clang, r-devel-linux-x86_64-fedora-gcc, r-devel-windows-x86_64, r-patched-linux-x86_64, r-release-linux-x86_64, r-release-macos-arm64, r-release-macos-x86_64, r-release-windows-x86_64

Version: 0.9.4
Check: whether package can be installed
Result: WARN
    Found the following significant warnings:
     /home/hornik/tmp/scratch/RtmpwjBxH1/R.INSTALL261d61690eb160/rolog/src/swipl-devel/src/os/pl-os.c:2159:26: warning: the comparison will always evaluate as ‘true’ for the address of ‘S__iob’ will never be NULL [-Waddress]
Flavor: r-devel-linux-x86_64-debian-gcc

Version: 0.9.4
Check: installed package size
Result: NOTE
     installed size is 15.7Mb
     sub-directories of 1Mb or more:
     swipl 15.0Mb
Flavors: r-devel-linux-x86_64-fedora-clang, r-devel-windows-x86_64, r-release-macos-arm64, r-release-macos-x86_64, r-release-windows-x86_64

Version: 0.9.4
Check: whether package can be installed
Result: WARN
    Found the following significant warnings:
     /tmp/Rtmpq4scYg/R.INSTALL3643f2161bb562/rolog/src/swipl-devel/src/os/pl-os.c:2159:26: warning: the comparison will always evaluate as ‘true’ for the address of ‘S__iob’ will never be NULL [-Waddress]
Flavor: r-patched-linux-x86_64

Version: 0.9.4
Check: whether package can be installed
Result: WARN
    Found the following significant warnings:
     /tmp/RtmpTgf1jg/R.INSTALL87f6d3e97b694/rolog/src/swipl-devel/src/os/pl-os.c:2159:26: warning: the comparison will always evaluate as ‘true’ for the address of ‘S__iob’ will never be NULL [-Waddress]
Flavor: r-release-linux-x86_64