CRAN Package Check Results for Package rock

Last updated on 2021-11-26 19:53:03 CET.

Flavor Version Tinstall Tcheck Ttotal Status Flags
r-devel-linux-x86_64-debian-clang 0.5.1 7.85 93.78 101.63 OK
r-devel-linux-x86_64-debian-gcc 0.5.1 7.24 71.83 79.07 OK
r-devel-linux-x86_64-fedora-clang 0.5.1 130.54 OK
r-devel-linux-x86_64-fedora-gcc 0.5.1 120.60 OK
r-devel-windows-x86_64-new-UL 0.5.1 26.00 160.00 186.00 OK
r-devel-windows-x86_64-new-TK 0.5.1 OK
r-devel-windows-x86_64-old 0.5.1 12.00 133.00 145.00 OK
r-patched-linux-x86_64 0.5.1 9.01 91.60 100.61 OK
r-patched-solaris-x86 0.5.1 152.80 NOTE
r-release-linux-x86_64 0.5.1 OK
r-release-macos-arm64 0.5.1 OK
r-release-macos-x86_64 0.5.1 OK
r-release-windows-ix86+x86_64 0.5.1 18.00 97.00 115.00 OK
r-oldrel-macos-x86_64 0.5.1 ERROR
r-oldrel-windows-ix86+x86_64 0.5.1 17.00 131.00 148.00 ERROR

Check Details

Version: 0.5.1
Check: package dependencies
Result: NOTE
    Package suggested but not available for checking: ‘XLConnect’
Flavor: r-patched-solaris-x86

Version: 0.5.1
Check: package dependencies
Result: NOTE
    Package suggested but not available for checking: ‘preregr’
Flavor: r-oldrel-macos-x86_64

Version: 0.5.1
Check: for unstated dependencies in examples
Result: WARN
    Warning: parse error in file 'lines':
    4: unexpected '>'
    1169: version = "0.1.0"
    1170: ) |>
     ^
Flavor: r-oldrel-macos-x86_64

Version: 0.5.1
Check: examples
Result: ERROR
    Running examples in ‘rock-Ex.R’ failed
    The error most likely occurred in:
    
    > ### Name: prereg_initialize
    > ### Title: Initialize a (pre)registration
    > ### Aliases: prereg_initialize
    >
    > ### ** Examples
    >
    > rock::prereg_initialize(
    + "preregQE_v0_93"
    + );
    Error in rock::prereg_initialize("preregQE_v0_93") :
     To work with (pre)registrations, you must have the {preregr} package installed. To install it, use:
    
     install.packages("preregr");
    Execution halted
Flavor: r-oldrel-macos-x86_64

Version: 0.5.1
Check: for unstated dependencies in examples
Result: WARN
    Warning: parse error in file 'lines':
    4: unexpected '>'
    1170: version = "0.1.0"
    1171: ) |>
     ^
Flavor: r-oldrel-windows-ix86+x86_64

Version: 0.5.1
Check: examples
Result: ERROR
    Running examples in 'rock-Ex.R' failed
    The error most likely occurred in:
    
    > ### Name: form_to_rmd_template
    > ### Title: Convert a (pre)registration form to an R Markdown template
    > ### Aliases: form_to_rmd_template
    >
    > ### ** Examples
    >
    > preregr::form_create(
    + title = "Example form",
    + version = "0.1.0"
    + ) |>
    Error: unexpected '>' in:
    " version = "0.1.0"
    ) |>"
    Execution halted
Flavor: r-oldrel-windows-ix86+x86_64