CRAN Package Check Results for Package rocTree

Last updated on 2024-06-21 18:52:53 CEST.

Flavor Version Tinstall Tcheck Ttotal Status Flags
r-devel-linux-x86_64-debian-clang 1.1.1 164.91 110.71 275.62 NOTE
r-devel-linux-x86_64-debian-gcc 1.1.1 118.93 83.08 202.01 NOTE
r-devel-linux-x86_64-fedora-clang 1.1.1 392.92 NOTE
r-devel-linux-x86_64-fedora-gcc 1.1.1 406.10 NOTE
r-devel-windows-x86_64 1.1.1 133.00 112.00 245.00 NOTE
r-patched-linux-x86_64 1.1.1 112.94 107.52 220.46 NOTE
r-release-linux-x86_64 1.1.1 108.91 104.70 213.61 NOTE
r-release-macos-arm64 1.1.1 87.00 NOTE
r-release-macos-x86_64 1.1.1 94.00 NOTE
r-release-windows-x86_64 1.1.1 127.00 118.00 245.00 NOTE
r-oldrel-macos-arm64 1.1.1 95.00 NOTE
r-oldrel-macos-x86_64 1.1.1 165.00 NOTE
r-oldrel-windows-x86_64 1.1.1 156.00 140.00 296.00 NOTE

Check Details

Version: 1.1.1
Check: C++ specification
Result: NOTE Specified C++11: please drop specification unless essential Flavors: r-devel-linux-x86_64-debian-clang, r-devel-linux-x86_64-debian-gcc, r-devel-linux-x86_64-fedora-clang, r-devel-linux-x86_64-fedora-gcc, r-devel-windows-x86_64, r-patched-linux-x86_64, r-release-linux-x86_64, r-release-macos-arm64, r-release-macos-x86_64, r-release-windows-x86_64, r-oldrel-macos-arm64, r-oldrel-macos-x86_64, r-oldrel-windows-x86_64

Version: 1.1.1
Check: installed package size
Result: NOTE installed size is 6.7Mb sub-directories of 1Mb or more: libs 6.5Mb Flavors: r-release-macos-arm64, r-release-macos-x86_64, r-oldrel-macos-arm64, r-oldrel-macos-x86_64