CRAN Package Check Results for Package robustlm

Last updated on 2023-03-31 12:54:23 CEST.

Flavor Version Tinstall Tcheck Ttotal Status Flags
r-devel-linux-x86_64-debian-clang 0.1.0 2.84 34.56 37.40 NOTE
r-devel-linux-x86_64-debian-gcc 0.1.0 2.16 25.40 27.56 NOTE
r-devel-linux-x86_64-fedora-clang 0.1.0 45.65 NOTE
r-devel-linux-x86_64-fedora-gcc 0.1.0 54.60 NOTE
r-patched-linux-x86_64 0.1.0 2.45 33.35 35.80 NOTE
r-release-linux-x86_64 0.1.0 2.02 33.42 35.44 NOTE
r-release-macos-arm64 0.1.0 16.00 NOTE
r-release-macos-x86_64 0.1.0 25.00 NOTE
r-release-windows-x86_64 0.1.0 18.00 62.00 80.00 NOTE
r-oldrel-macos-arm64 0.1.0 20.00 NOTE
r-oldrel-macos-x86_64 0.1.0 36.00 NOTE
r-oldrel-windows-ix86+x86_64 0.1.0 6.00 58.00 64.00 NOTE

Check Details

Version: 0.1.0
Check: LazyData
Result: NOTE
     'LazyData' is specified without a 'data' directory
Flavors: r-devel-linux-x86_64-debian-clang, r-devel-linux-x86_64-debian-gcc, r-devel-linux-x86_64-fedora-clang, r-devel-linux-x86_64-fedora-gcc, r-patched-linux-x86_64, r-release-linux-x86_64, r-release-macos-arm64, r-release-macos-x86_64, r-release-windows-x86_64, r-oldrel-macos-arm64, r-oldrel-macos-x86_64, r-oldrel-windows-ix86+x86_64