Last updated on 2022-06-25 12:54:33 CEST.
Flavor | Version | Tinstall | Tcheck | Ttotal | Status | Flags |
---|---|---|---|---|---|---|
r-devel-linux-x86_64-debian-clang | 0.1.3 | 75.45 | 89.07 | 164.52 | OK | |
r-devel-linux-x86_64-debian-gcc | 0.1.3 | 60.50 | 68.87 | 129.37 | OK | |
r-devel-linux-x86_64-fedora-clang | 0.1.3 | 230.36 | OK | |||
r-devel-linux-x86_64-fedora-gcc | 0.1.3 | 222.21 | OK | |||
r-devel-windows-x86_64 | 0.1.3 | 74.00 | 133.00 | 207.00 | OK | |
r-patched-linux-x86_64 | 0.1.3 | 63.95 | 84.40 | 148.35 | OK | |
r-release-linux-x86_64 | 0.1.3 | 63.23 | 86.35 | 149.58 | OK | |
r-release-macos-arm64 | 0.1.3 | 55.00 | OK | |||
r-release-macos-x86_64 | 0.1.3 | 91.00 | OK | |||
r-release-windows-x86_64 | 0.1.3 | 76.00 | 128.00 | 204.00 | OK | |
r-oldrel-macos-arm64 | 0.1.3 | 63.00 | NOTE | |||
r-oldrel-macos-x86_64 | 0.1.3 | 93.00 | OK | |||
r-oldrel-windows-ix86+x86_64 | 0.1.3 | 184.00 | 147.00 | 331.00 | OK |
Version: 0.1.3
Check: installed package size
Result: NOTE
installed size is 5.1Mb
sub-directories of 1Mb or more:
libs 4.9Mb
Flavor: r-oldrel-macos-arm64