CRAN Package Check Results for Package robumeta

Last updated on 2024-06-20 18:48:20 CEST.

Flavor Version Tinstall Tcheck Ttotal Status Flags
r-devel-linux-x86_64-debian-clang 2.1 3.01 33.74 36.75 NOTE
r-devel-linux-x86_64-debian-gcc 2.1 2.69 25.31 28.00 NOTE
r-devel-linux-x86_64-fedora-clang 2.1 48.63 NOTE
r-devel-linux-x86_64-fedora-gcc 2.1 58.31 NOTE
r-devel-windows-x86_64 2.1 3.00 47.00 50.00 NOTE
r-patched-linux-x86_64 2.1 4.18 32.75 36.93 NOTE
r-release-linux-x86_64 2.1 3.10 32.63 35.73 NOTE
r-release-macos-arm64 2.1 23.00 NOTE
r-release-macos-x86_64 2.1 34.00 NOTE
r-release-windows-x86_64 2.1 3.00 49.00 52.00 NOTE
r-oldrel-macos-arm64 2.1 22.00 OK
r-oldrel-macos-x86_64 2.1 34.00 OK
r-oldrel-windows-x86_64 2.1 4.00 49.00 53.00 OK

Check Details

Version: 2.1
Check: Rd files
Result: NOTE checkRd: (-1) predict.robu.Rd:36-42: Lost braces in \itemize; meant \describe ? checkRd: (-1) predict.robu.Rd:43-49: Lost braces in \itemize; meant \describe ? checkRd: (-1) predict.robu.Rd:50-55: Lost braces in \itemize; meant \describe ? Flavors: r-devel-linux-x86_64-debian-clang, r-devel-linux-x86_64-debian-gcc, r-devel-linux-x86_64-fedora-clang, r-devel-linux-x86_64-fedora-gcc, r-devel-windows-x86_64, r-patched-linux-x86_64, r-release-linux-x86_64, r-release-macos-arm64, r-release-macos-x86_64, r-release-windows-x86_64

Version: 2.1
Check: data for non-ASCII characters
Result: NOTE Note: found 6 marked UTF-8 strings Flavors: r-devel-linux-x86_64-fedora-clang, r-devel-linux-x86_64-fedora-gcc