CRAN Package Check Results for Package robotstxt

Last updated on 2021-07-26 01:50:30 CEST.

Flavor Version Tinstall Tcheck Ttotal Status Flags
r-devel-linux-x86_64-debian-clang 0.7.13 2.70 41.68 44.38 NOTE
r-devel-linux-x86_64-debian-gcc 0.7.13 2.41 31.62 34.03 NOTE
r-devel-linux-x86_64-fedora-clang 0.7.13 61.06 NOTE
r-devel-windows-x86_64 0.7.13 6.00 59.00 65.00 NOTE
r-devel-windows-x86_64-gcc10-UCRT 0.7.13 NOTE
r-patched-linux-x86_64 0.7.13 2.70 38.68 41.38 NOTE
r-patched-solaris-x86 0.7.13 74.70 NOTE
r-release-linux-x86_64 0.7.13 2.81 38.88 41.69 NOTE
r-release-macos-arm64 0.7.13 NOTE
r-release-macos-x86_64 0.7.13 NOTE
r-release-windows-ix86+x86_64 0.7.13 7.00 39.00 46.00 NOTE
r-oldrel-macos-x86_64 0.7.13 NOTE
r-oldrel-windows-ix86+x86_64 0.7.13 6.00 57.00 63.00 OK

Check Details

Version: 0.7.13
Check: LazyData
Result: NOTE
     'LazyData' is specified without a 'data' directory
Flavors: r-devel-linux-x86_64-debian-clang, r-devel-linux-x86_64-debian-gcc, r-devel-linux-x86_64-fedora-clang, r-devel-windows-x86_64, r-devel-windows-x86_64-gcc10-UCRT, r-patched-linux-x86_64, r-patched-solaris-x86, r-release-linux-x86_64, r-release-macos-arm64, r-release-macos-x86_64, r-release-windows-ix86+x86_64

Version: 0.7.13
Check: dependencies in R code
Result: NOTE
    Namespace in Imports field not imported from: ‘future’
     All declared Imports should be used.
Flavors: r-devel-linux-x86_64-fedora-clang, r-devel-windows-x86_64-gcc10-UCRT, r-patched-solaris-x86, r-release-macos-arm64, r-release-macos-x86_64, r-oldrel-macos-x86_64