CRAN Package Check Results for Package rnpn

Last updated on 2021-06-21 01:49:33 CEST.

Flavor Version Tinstall Tcheck Ttotal Status Flags
r-devel-linux-x86_64-debian-clang 1.2.1 6.17 101.30 107.47 OK
r-devel-linux-x86_64-debian-gcc 1.2.1 4.48 77.23 81.71 OK
r-devel-linux-x86_64-fedora-clang 1.2.1 135.71 NOTE
r-devel-linux-x86_64-fedora-gcc 1.2.1 123.45 NOTE
r-devel-windows-x86_64 1.2.1 8.00 151.00 159.00 OK
r-devel-windows-x86_64-gcc10-UCRT 1.2.1 ERROR
r-patched-linux-x86_64 1.2.1 6.10 99.48 105.58 OK
r-patched-solaris-x86 1.2.1 171.40 NOTE
r-release-linux-x86_64 1.2.1 6.20 99.04 105.24 OK
r-release-macos-arm64 1.2.1 NOTE
r-release-macos-x86_64 1.2.1 NOTE
r-release-windows-ix86+x86_64 1.2.1 10.00 172.00 182.00 OK
r-oldrel-macos-x86_64 1.2.1 NOTE

Check Details

Version: 1.2.1
Check: dependencies in R code
Result: NOTE
    Namespace in Imports field not imported from: ‘rgdal’
     All declared Imports should be used.
Flavors: r-devel-linux-x86_64-fedora-clang, r-devel-linux-x86_64-fedora-gcc, r-patched-solaris-x86, r-release-macos-arm64, r-release-macos-x86_64, r-oldrel-macos-x86_64

Version: 1.2.1
Check: package dependencies
Result: ERROR
    Packages required but not available: 'httr', 'curl'
    
    Packages suggested but not available for checking: 'covr', 'vcr'
    
    See section 'The DESCRIPTION file' in the 'Writing R Extensions'
    manual.
Flavor: r-devel-windows-x86_64-gcc10-UCRT