Last updated on 2023-10-02 19:11:19 CEST.
Flavor | Version | Tinstall | Tcheck | Ttotal | Status | Flags |
---|---|---|---|---|---|---|
r-devel-linux-x86_64-debian-clang | 1.9.0 | 4.19 | 250.97 | 255.16 | OK | |
r-devel-linux-x86_64-debian-gcc | 1.9.0 | 3.42 | 170.25 | 173.67 | OK | |
r-devel-linux-x86_64-fedora-clang | 1.9.0 | 302.57 | NOTE | |||
r-devel-linux-x86_64-fedora-gcc | 1.9.0 | 301.92 | NOTE | |||
r-devel-windows-x86_64 | 1.9.0 | 5.00 | 168.00 | 173.00 | OK | |
r-patched-linux-x86_64 | 1.9.0 | 3.67 | 238.53 | 242.20 | OK | |
r-release-linux-x86_64 | 1.9.0 | 4.63 | 234.95 | 239.58 | OK | |
r-release-macos-arm64 | 1.9.0 | 90.00 | OK | |||
r-release-macos-x86_64 | 1.9.0 | 253.00 | OK | |||
r-release-windows-x86_64 | 1.9.0 | 6.00 | 222.00 | 228.00 | OK | |
r-oldrel-macos-arm64 | 1.9.0 | 74.00 | OK | |||
r-oldrel-macos-x86_64 | 1.9.0 | 92.00 | OK | |||
r-oldrel-windows-x86_64 | 1.9.0 | 8.00 | 224.00 | 232.00 | OK |
Version: 1.9.0
Check: dependencies in R code
Result: NOTE
Namespace in Imports field not imported from: ‘attention’
All declared Imports should be used.
Flavors: r-devel-linux-x86_64-fedora-clang, r-devel-linux-x86_64-fedora-gcc