CRAN Package Check Results for Package rnn

Last updated on 2022-09-27 21:54:00 CEST.

Flavor Version Tinstall Tcheck Ttotal Status Flags
r-devel-linux-x86_64-debian-clang 1.8.0 4.39 252.06 256.45 OK
r-devel-linux-x86_64-debian-gcc 1.8.0 3.27 162.95 166.22 OK
r-devel-linux-x86_64-fedora-clang 1.8.0 302.76 NOTE
r-devel-linux-x86_64-fedora-gcc 1.8.0 287.92 NOTE
r-devel-windows-x86_64 1.8.0 19.00 257.00 276.00 OK
r-patched-linux-x86_64 1.8.0 4.78 223.84 228.62 OK
r-release-linux-x86_64 1.8.0 4.43 223.57 228.00 OK
r-release-macos-arm64 1.8.0 64.00 NOTE
r-release-macos-x86_64 1.8.0 91.00 NOTE
r-release-windows-x86_64 1.8.0 22.00 245.00 267.00 OK
r-oldrel-macos-arm64 1.8.0 67.00 NOTE
r-oldrel-macos-x86_64 1.8.0 98.00 NOTE
r-oldrel-windows-ix86+x86_64 1.8.0 10.00 275.00 285.00 OK

Check Details

Version: 1.8.0
Check: dependencies in R code
Result: NOTE
    Namespace in Imports field not imported from: ‘attention’
     All declared Imports should be used.
Flavors: r-devel-linux-x86_64-fedora-clang, r-devel-linux-x86_64-fedora-gcc, r-release-macos-arm64, r-release-macos-x86_64, r-oldrel-macos-arm64, r-oldrel-macos-x86_64