CRAN Package Check Results for Package rncl

Last updated on 2024-02-25 12:52:03 CET.

Flavor Version Tinstall Tcheck Ttotal Status Flags
r-devel-linux-x86_64-debian-clang 0.8.7 198.59 36.79 235.38 NOTE
r-devel-linux-x86_64-debian-gcc 0.8.7 186.47 28.86 215.33 NOTE
r-devel-linux-x86_64-fedora-clang 0.8.7 354.35 OK
r-devel-linux-x86_64-fedora-gcc 0.8.7 404.51 OK
r-devel-windows-x86_64 0.8.7 156.00 79.00 235.00 OK
r-patched-linux-x86_64 0.8.7 230.70 36.38 267.08 OK
r-release-linux-x86_64 0.8.7 227.17 36.48 263.65 OK
r-release-macos-arm64 0.8.7 95.00 NOTE
r-release-macos-x86_64 0.8.7 164.00 NOTE
r-release-windows-x86_64 0.8.7 196.00 93.00 289.00 OK
r-oldrel-macos-arm64 0.8.7 92.00 NOTE
r-oldrel-windows-x86_64 0.8.7 176.00 89.00 265.00 OK

Check Details

Version: 0.8.7
Check: Rd files
Result: NOTE checkRd: (-1) rncl.Rd:53-55: Lost braces in \itemize; \value handles \item{}{} directly checkRd: (-1) rncl.Rd:57: Lost braces in \itemize; \value handles \item{}{} directly checkRd: (-1) rncl.Rd:59-63: Lost braces in \itemize; \value handles \item{}{} directly checkRd: (-1) rncl.Rd:65-71: Lost braces in \itemize; \value handles \item{}{} directly checkRd: (-1) rncl.Rd:73-78: Lost braces in \itemize; \value handles \item{}{} directly checkRd: (-1) rncl.Rd:80-84: Lost braces in \itemize; \value handles \item{}{} directly checkRd: (-1) rncl.Rd:86-90: Lost braces in \itemize; \value handles \item{}{} directly checkRd: (-1) rncl.Rd:92-93: Lost braces in \itemize; \value handles \item{}{} directly checkRd: (-1) rncl.Rd:95-96: Lost braces in \itemize; \value handles \item{}{} directly checkRd: (-1) rncl.Rd:98-99: Lost braces in \itemize; \value handles \item{}{} directly checkRd: (-1) rncl.Rd:101-102: Lost braces in \itemize; \value handles \item{}{} directly checkRd: (-1) rncl.Rd:104-105: Lost braces in \itemize; \value handles \item{}{} directly checkRd: (-1) rncl.Rd:107-110: Lost braces in \itemize; \value handles \item{}{} directly checkRd: (-1) rncl.Rd:112-115: Lost braces in \itemize; \value handles \item{}{} directly checkRd: (-1) rncl.Rd:117-119: Lost braces in \itemize; \value handles \item{}{} directly checkRd: (-1) rncl.Rd:121-124: Lost braces in \itemize; \value handles \item{}{} directly Flavors: r-devel-linux-x86_64-debian-clang, r-devel-linux-x86_64-debian-gcc

Version: 0.8.7
Check: installed package size
Result: NOTE installed size is 22.8Mb sub-directories of 1Mb or more: libs 22.6Mb Flavors: r-release-macos-arm64, r-release-macos-x86_64, r-oldrel-macos-arm64