CRAN Package Check Results for Package rnaturalearth

Last updated on 2021-06-21 01:49:33 CEST.

Flavor Version Tinstall Tcheck Ttotal Status Flags
r-devel-linux-x86_64-debian-clang 0.1.0 5.82 74.17 79.99 NOTE
r-devel-linux-x86_64-debian-gcc 0.1.0 4.06 55.33 59.39 NOTE
r-devel-linux-x86_64-fedora-clang 0.1.0 107.74 NOTE
r-devel-linux-x86_64-fedora-gcc 0.1.0 96.19 NOTE
r-devel-windows-x86_64 0.1.0 11.00 82.00 93.00 NOTE
r-devel-windows-x86_64-gcc10-UCRT 0.1.0 ERROR
r-patched-linux-x86_64 0.1.0 5.57 70.56 76.13 NOTE
r-patched-solaris-x86 0.1.0 143.20 NOTE
r-release-linux-x86_64 0.1.0 5.81 69.81 75.62 NOTE
r-release-macos-arm64 0.1.0 NOTE
r-release-macos-x86_64 0.1.0 NOTE
r-release-windows-ix86+x86_64 0.1.0 15.00 94.00 109.00 NOTE
r-oldrel-macos-x86_64 0.1.0 NOTE

Check Details

Version: 0.1.0
Check: package dependencies
Result: NOTE
    Package suggested but not available for checking: 'rnaturalearthhires'
Flavors: r-devel-linux-x86_64-debian-clang, r-devel-linux-x86_64-debian-gcc, r-devel-linux-x86_64-fedora-clang, r-devel-linux-x86_64-fedora-gcc, r-devel-windows-x86_64, r-patched-linux-x86_64, r-patched-solaris-x86, r-release-linux-x86_64, r-release-macos-arm64, r-release-macos-x86_64, r-release-windows-ix86+x86_64, r-oldrel-macos-x86_64

Version: 0.1.0
Check: data for non-ASCII characters
Result: NOTE
     Note: found 7 marked Latin-1 strings
Flavors: r-devel-linux-x86_64-fedora-clang, r-devel-linux-x86_64-fedora-gcc, r-devel-windows-x86_64-gcc10-UCRT, r-patched-solaris-x86, r-release-macos-arm64, r-release-macos-x86_64, r-oldrel-macos-x86_64

Version: 0.1.0
Check: package dependencies
Result: NOTE
    Packages suggested but not available for checking:
     'httr', 'devtools', 'rnaturalearthhires'
Flavor: r-devel-windows-x86_64-gcc10-UCRT

Version: 0.1.0
Check: tests
Result: ERROR
     Running 'testthat.R'
    Running the tests in 'tests/testthat.R' failed.
    Last 13 lines of output:
     >
     > test_check("rnaturalearth")
     == Skipped tests ===============================================================
     * rnaturalearthhires cannot be loaded (4)
    
     == Failed tests ================================================================
     -- Error (test-ne_file_name.r:3:1): (code run outside of `test_that()`) --------
     Error: there is no package called 'httr'
     Backtrace:
     x
     1. \-base::library(httr) test-ne_file_name.r:3:0
    
     [ FAIL 1 | WARN 2 | SKIP 4 | PASS 15 ]
     Error: Test failures
     Execution halted
Flavor: r-devel-windows-x86_64-gcc10-UCRT