CRAN Package Check Results for Package rnassqs

Last updated on 2021-08-01 13:49:50 CEST.

Flavor Version Tinstall Tcheck Ttotal Status Flags
r-devel-linux-x86_64-debian-clang 0.5.0 2.36 28.36 30.72 NOTE
r-devel-linux-x86_64-debian-gcc 0.5.0 1.85 21.57 23.42 NOTE
r-devel-linux-x86_64-fedora-clang 0.5.0 45.62 NOTE
r-devel-linux-x86_64-fedora-gcc 0.5.0 35.13 NOTE
r-devel-windows-x86_64 0.5.0 4.00 47.00 51.00 NOTE
r-devel-windows-x86_64-gcc10-UCRT 0.5.0 NOTE
r-patched-linux-x86_64 0.5.0 NOTE
r-patched-solaris-x86 0.5.0 53.50 NOTE
r-release-linux-x86_64 0.5.0 2.41 26.77 29.18 NOTE
r-release-macos-arm64 0.5.0 NOTE
r-release-macos-x86_64 0.5.0 NOTE
r-release-windows-ix86+x86_64 0.5.0 5.00 46.00 51.00 NOTE
r-oldrel-macos-x86_64 0.5.0 OK
r-oldrel-windows-ix86+x86_64 0.5.0 5.00 44.00 49.00 OK

Check Details

Version: 0.5.0
Check: LazyData
Result: NOTE
     'LazyData' is specified without a 'data' directory
Flavors: r-devel-linux-x86_64-debian-clang, r-devel-linux-x86_64-debian-gcc, r-devel-linux-x86_64-fedora-clang, r-devel-linux-x86_64-fedora-gcc, r-devel-windows-x86_64, r-devel-windows-x86_64-gcc10-UCRT, r-patched-linux-x86_64, r-patched-solaris-x86, r-release-linux-x86_64, r-release-macos-arm64, r-release-macos-x86_64, r-release-windows-ix86+x86_64