CRAN Package Check Results for Package rminqa

Last updated on 2024-02-21 06:53:19 CET.

Flavor Version Tinstall Tcheck Ttotal Status Flags
r-devel-linux-x86_64-debian-clang 0.2.2 NOTE
r-devel-linux-x86_64-debian-gcc 0.2.2 17.93 20.36 38.29 NOTE
r-devel-linux-x86_64-fedora-clang 0.2.2 70.10 NOTE
r-devel-linux-x86_64-fedora-gcc 0.2.2 64.27 NOTE
r-devel-windows-x86_64 0.2.2 18.00 66.00 84.00 NOTE
r-patched-linux-x86_64 0.2.2 22.11 26.13 48.24 NOTE
r-release-linux-x86_64 0.2.2 23.34 26.06 49.40 NOTE
r-release-macos-arm64 0.2.2 31.00 NOTE
r-release-macos-x86_64 0.2.2 33.00 NOTE
r-release-windows-x86_64 0.2.2 17.00 68.00 85.00 NOTE
r-oldrel-macos-arm64 0.2.2 23.00 OK
r-oldrel-windows-x86_64 0.2.2 23.00 106.00 129.00 OK

Check Details

Version: 0.2.2
Check: C++ specification
Result: NOTE Specified C++11: please drop specification unless essential Flavors: r-devel-linux-x86_64-debian-clang, r-devel-linux-x86_64-debian-gcc, r-devel-linux-x86_64-fedora-clang, r-devel-linux-x86_64-fedora-gcc, r-devel-windows-x86_64, r-patched-linux-x86_64, r-release-linux-x86_64, r-release-macos-arm64, r-release-macos-x86_64, r-release-windows-x86_64