CRAN Package Check Results for Package rmgarch

Last updated on 2022-10-02 12:56:04 CEST.

Flavor Version Tinstall Tcheck Ttotal Status Flags
r-devel-linux-x86_64-debian-clang 1.3-9 153.49 286.32 439.81 NOTE
r-devel-linux-x86_64-debian-gcc 1.3-9 121.90 207.43 329.33 NOTE
r-devel-linux-x86_64-fedora-clang 1.3-9 593.06 NOTE
r-devel-linux-x86_64-fedora-gcc 1.3-9 552.78 NOTE
r-devel-windows-x86_64 1.3-9 196.00 322.00 518.00 NOTE
r-patched-linux-x86_64 1.3-9 150.65 271.55 422.20 OK
r-release-linux-x86_64 1.3-9 139.13 268.30 407.43 OK
r-release-macos-arm64 1.3-9 123.00 NOTE
r-release-macos-x86_64 1.3-9 216.00 NOTE
r-release-windows-x86_64 1.3-9 197.00 323.00 520.00 OK
r-oldrel-macos-arm64 1.3-9 100.00 NOTE
r-oldrel-macos-x86_64 1.3-9 155.00 NOTE
r-oldrel-windows-ix86+x86_64 1.3-9 323.00 344.00 667.00 NOTE

Check Details

Version: 1.3-9
Check: Rd files
Result: NOTE
    checkRd: (-1) cGARCHfilter-class.Rd:57: Escaped LaTeX specials: \&
    checkRd: (-1) cGARCHfit-class.Rd:59: Escaped LaTeX specials: \&
    checkRd: (-1) cGARCHsim-class.Rd:52: Escaped LaTeX specials: \&
    checkRd: (-1) cGARCHspec-class.Rd:36: Escaped LaTeX specials: \&
    checkRd: (-1) cgarchsim-methods.Rd:78: Escaped LaTeX specials: \&
    checkRd: (-1) goGARCHfilter-class.Rd:155: Escaped LaTeX specials: \&
    checkRd: (-1) goGARCHfit-class.Rd:166: Escaped LaTeX specials: \&
    checkRd: (-1) rmgarch-package.Rd:73: Escaped LaTeX specials: \&
Flavors: r-devel-linux-x86_64-debian-clang, r-devel-linux-x86_64-debian-gcc, r-devel-linux-x86_64-fedora-clang, r-devel-linux-x86_64-fedora-gcc, r-devel-windows-x86_64

Version: 1.3-9
Check: installed package size
Result: NOTE
     installed size is 9.8Mb
     sub-directories of 1Mb or more:
     R 3.1Mb
     libs 5.7Mb
Flavors: r-release-macos-arm64, r-release-macos-x86_64, r-oldrel-macos-arm64, r-oldrel-macos-x86_64, r-oldrel-windows-ix86+x86_64