CRAN Package Check Results for Package rmdformats

Last updated on 2021-11-26 19:53:03 CET.

Flavor Version Tinstall Tcheck Ttotal Status Flags
r-devel-linux-x86_64-debian-clang 1.0.3 3.72 30.23 33.95 OK
r-devel-linux-x86_64-debian-gcc 1.0.3 2.60 24.32 26.92 OK
r-devel-linux-x86_64-fedora-clang 1.0.3 51.16 OK
r-devel-linux-x86_64-fedora-gcc 1.0.3 40.88 OK
r-devel-windows-x86_64-new-UL 1.0.3 12.00 66.00 78.00 OK
r-devel-windows-x86_64-new-TK 1.0.3 OK
r-devel-windows-x86_64-old 1.0.3 5.00 54.00 59.00 OK
r-patched-linux-x86_64 1.0.3 3.48 29.77 33.25 OK
r-patched-solaris-x86 1.0.3 65.60 NOTE
r-release-linux-x86_64 1.0.3 OK
r-release-macos-arm64 1.0.3 OK
r-release-macos-x86_64 1.0.3 OK
r-release-windows-ix86+x86_64 1.0.3 8.00 39.00 47.00 OK
r-oldrel-macos-x86_64 1.0.3 OK
r-oldrel-windows-ix86+x86_64 1.0.3 7.00 49.00 56.00 OK

Check Details

Version: 1.0.3
Check: installed package size
Result: NOTE
     installed size is 5.9Mb
     sub-directories of 1Mb or more:
     templates 5.4Mb
Flavor: r-patched-solaris-x86