CRAN Package Check Results for Package rmapzen

Last updated on 2021-06-14 07:48:48 CEST.

Flavor Version Tinstall Tcheck Ttotal Status Flags
r-devel-linux-x86_64-debian-clang 0.4.2 4.43 107.34 111.77 ERROR
r-devel-linux-x86_64-debian-gcc 0.4.2 3.45 78.34 81.79 ERROR
r-devel-linux-x86_64-fedora-clang 0.4.2 80.12 ERROR
r-devel-linux-x86_64-fedora-gcc 0.4.2 131.51 ERROR
r-devel-windows-x86_64 0.4.2 10.00 144.00 154.00 ERROR
r-devel-windows-x86_64-gcc10-UCRT 0.4.2 ERROR
r-patched-linux-x86_64 0.4.2 5.85 103.91 109.76 ERROR
r-patched-solaris-x86 0.4.2 161.40 ERROR
r-release-linux-x86_64 0.4.2 5.20 102.45 107.65 ERROR
r-release-macos-arm64 0.4.2 NOTE
r-release-macos-x86_64 0.4.2 NOTE
r-release-windows-ix86+x86_64 0.4.2 10.00 143.00 153.00 OK
r-oldrel-macos-x86_64 0.4.2 NOTE
r-oldrel-windows-ix86+x86_64 0.4.2 12.00 135.00 147.00 OK

Check Details

Version: 0.4.2
Check: tests
Result: ERROR
     Running 'testthat.R' [45s/49s]
    Running the tests in 'tests/testthat.R' failed.
    Complete output:
     > library(testthat)
     > library(rmapzen)
     >
     > test_check("rmapzen")
     == Skipped tests ===============================================================
     * skipping multiple contiguous tiles test, requires access to external resource (1)
     * skipping single-tile test, requires access to external resource (1)
    
     == Failed tests ================================================================
     -- Error (test-as-sf.R:23:5): as_sf converts vector tile layers to sf ----------
     Error: Evaluation error: Found 1 feature with invalid spherical geometry.
     [1] Loop 0 is not valid: Edge 17 is degenerate (duplicate vertex).
     Backtrace:
     x
     1. +-rmapzen::as_sf(ca_tiles$water) test-as-sf.R:23:4
     2. \-rmapzen:::as_sf.mapzen_vector_layer(ca_tiles$water)
     3. +-dplyr::summarise(res)
     4. \-sf:::summarise.sf(res)
     5. \-base::lapply(...)
     6. \-sf:::FUN(X[[i]], ...)
     7. +-sf::st_union(geom[i == x], is_coverage = is_coverage)
     8. \-sf:::st_union.sfc(geom[i == x], is_coverage = is_coverage)
     9. +-sf::st_as_sfc(s2::s2_union_agg(x, ...), crs = st_crs(x))
     10. \-s2::s2_union_agg(x, ...)
     11. +-s2:::new_s2_xptr(...)
     12. +-s2:::cpp_s2_union_agg(...)
     13. \-s2::s2_union(x, options = options)
     14. +-s2::as_s2_geography(x)
     15. \-sf:::as_s2_geography.sfc(x)
     16. \-sf:::st_as_s2.sfc(x, ..., oriented = oriented)
     17. +-s2::as_s2_geography(st_as_binary(x), ..., oriented = oriented)
     18. \-s2:::as_s2_geography.WKB(st_as_binary(x), ..., oriented = oriented)
     19. +-s2:::new_s2_xptr(...)
     20. \-s2:::s2_geography_from_wkb(x, oriented = oriented, check = check)
    
     [ FAIL 1 | WARN 1 | SKIP 2 | PASS 204 ]
     Error: Test failures
     Execution halted
Flavor: r-devel-linux-x86_64-debian-clang

Version: 0.4.2
Check: tests
Result: ERROR
     Running ‘testthat.R’ [33s/46s]
    Running the tests in ‘tests/testthat.R’ failed.
    Complete output:
     > library(testthat)
     > library(rmapzen)
     >
     > test_check("rmapzen")
     ══ Skipped tests ═══════════════════════════════════════════════════════════════
     • skipping multiple contiguous tiles test, requires access to external resource (1)
     • skipping single-tile test, requires access to external resource (1)
    
     ══ Failed tests ════════════════════════════════════════════════════════════════
     ── Error (test-as-sf.R:23:5): as_sf converts vector tile layers to sf ──────────
     Error: Evaluation error: Found 1 feature with invalid spherical geometry.
     [1] Loop 0 is not valid: Edge 17 is degenerate (duplicate vertex).
     Backtrace:
     █
     1. ├─rmapzen::as_sf(ca_tiles$water) test-as-sf.R:23:4
     2. └─rmapzen:::as_sf.mapzen_vector_layer(ca_tiles$water)
     3. ├─dplyr::summarise(res)
     4. └─sf:::summarise.sf(res)
     5. └─base::lapply(...)
     6. └─sf:::FUN(X[[i]], ...)
     7. ├─sf::st_union(geom[i == x], is_coverage = is_coverage)
     8. └─sf:::st_union.sfc(geom[i == x], is_coverage = is_coverage)
     9. ├─sf::st_as_sfc(s2::s2_union_agg(x, ...), crs = st_crs(x))
     10. └─s2::s2_union_agg(x, ...)
     11. ├─s2:::new_s2_xptr(...)
     12. ├─s2:::cpp_s2_union_agg(...)
     13. └─s2::s2_union(x, options = options)
     14. ├─s2::as_s2_geography(x)
     15. └─sf:::as_s2_geography.sfc(x)
     16. └─sf:::st_as_s2.sfc(x, ..., oriented = oriented)
     17. ├─s2::as_s2_geography(st_as_binary(x), ..., oriented = oriented)
     18. └─s2:::as_s2_geography.WKB(st_as_binary(x), ..., oriented = oriented)
     19. ├─s2:::new_s2_xptr(...)
     20. └─s2:::s2_geography_from_wkb(x, oriented = oriented, check = check)
    
     [ FAIL 1 | WARN 1 | SKIP 2 | PASS 204 ]
     Error: Test failures
     Execution halted
Flavor: r-devel-linux-x86_64-debian-gcc

Version: 0.4.2
Check: data for non-ASCII characters
Result: NOTE
     Note: found 31 marked UTF-8 strings
Flavors: r-devel-linux-x86_64-fedora-clang, r-devel-linux-x86_64-fedora-gcc, r-patched-solaris-x86, r-release-macos-arm64, r-release-macos-x86_64, r-oldrel-macos-x86_64

Version: 0.4.2
Check: tests
Result: ERROR
     Running ‘testthat.R’ [27s/27s]
    Running the tests in ‘tests/testthat.R’ failed.
    Complete output:
     > library(testthat)
     > library(rmapzen)
     >
     > test_check("rmapzen")
     ══ Skipped tests ═══════════════════════════════════════════════════════════════
     • skipping multiple contiguous tiles test, requires access to external resource (1)
     • skipping single-tile test, requires access to external resource (1)
    
     ══ Failed tests ════════════════════════════════════════════════════════════════
     ── Error (test-as-sf.R:23:5): as_sf converts vector tile layers to sf ──────────
     Error: Evaluation error: Found 1 feature with invalid spherical geometry.
     [1] Loop 0 is not valid: Edge 17 is degenerate (duplicate vertex).
     Backtrace:
     █
     1. ├─rmapzen::as_sf(ca_tiles$water) test-as-sf.R:23:4
     2. └─rmapzen:::as_sf.mapzen_vector_layer(ca_tiles$water)
     3. ├─dplyr::summarise(res)
     4. └─sf:::summarise.sf(res)
     5. └─base::lapply(...)
     6. └─sf:::FUN(X[[i]], ...)
     7. ├─sf::st_union(geom[i == x], is_coverage = is_coverage)
     8. └─sf:::st_union.sfc(geom[i == x], is_coverage = is_coverage)
     9. ├─sf::st_as_sfc(s2::s2_union_agg(x, ...), crs = st_crs(x))
     10. └─s2::s2_union_agg(x, ...)
     11. ├─s2:::new_s2_xptr(...)
     12. ├─s2:::cpp_s2_union_agg(...)
     13. └─s2::s2_union(x, options = options)
     14. ├─s2::as_s2_geography(x)
     15. └─sf:::as_s2_geography.sfc(x)
     16. └─sf:::st_as_s2.sfc(x, ..., oriented = oriented)
     17. ├─s2::as_s2_geography(st_as_binary(x), ..., oriented = oriented)
     18. └─s2:::as_s2_geography.WKB(st_as_binary(x), ..., oriented = oriented)
     19. ├─s2:::new_s2_xptr(...)
     20. └─s2:::s2_geography_from_wkb(x, oriented = oriented, check = check)
    
     [ FAIL 1 | WARN 1 | SKIP 2 | PASS 204 ]
     Error: Test failures
     Execution halted
Flavor: r-devel-linux-x86_64-fedora-clang

Version: 0.4.2
Check: tests
Result: ERROR
     Running ‘testthat.R’ [52s/60s]
    Running the tests in ‘tests/testthat.R’ failed.
    Complete output:
     > library(testthat)
     > library(rmapzen)
     >
     > test_check("rmapzen")
     ══ Skipped tests ═══════════════════════════════════════════════════════════════
     • skipping multiple contiguous tiles test, requires access to external resource (1)
     • skipping single-tile test, requires access to external resource (1)
    
     ══ Failed tests ════════════════════════════════════════════════════════════════
     ── Error (test-as-sf.R:23:5): as_sf converts vector tile layers to sf ──────────
     Error: Evaluation error: Found 1 feature with invalid spherical geometry.
     [1] Loop 0 is not valid: Edge 17 is degenerate (duplicate vertex).
     Backtrace:
     █
     1. ├─rmapzen::as_sf(ca_tiles$water) test-as-sf.R:23:4
     2. └─rmapzen:::as_sf.mapzen_vector_layer(ca_tiles$water)
     3. ├─dplyr::summarise(res)
     4. └─sf:::summarise.sf(res)
     5. └─base::lapply(...)
     6. └─sf:::FUN(X[[i]], ...)
     7. ├─sf::st_union(geom[i == x], is_coverage = is_coverage)
     8. └─sf:::st_union.sfc(geom[i == x], is_coverage = is_coverage)
     9. ├─sf::st_as_sfc(s2::s2_union_agg(x, ...), crs = st_crs(x))
     10. └─s2::s2_union_agg(x, ...)
     11. ├─s2:::new_s2_xptr(...)
     12. ├─s2:::cpp_s2_union_agg(...)
     13. └─s2::s2_union(x, options = options)
     14. ├─s2::as_s2_geography(x)
     15. └─sf:::as_s2_geography.sfc(x)
     16. └─sf:::st_as_s2.sfc(x, ..., oriented = oriented)
     17. ├─s2::as_s2_geography(st_as_binary(x), ..., oriented = oriented)
     18. └─s2:::as_s2_geography.WKB(st_as_binary(x), ..., oriented = oriented)
     19. ├─s2:::new_s2_xptr(...)
     20. └─s2:::s2_geography_from_wkb(x, oriented = oriented, check = check)
    
     [ FAIL 1 | WARN 1 | SKIP 2 | PASS 204 ]
     Error: Test failures
     Execution halted
Flavor: r-devel-linux-x86_64-fedora-gcc

Version: 0.4.2
Check: tests
Result: ERROR
     Running 'testthat.R' [53s]
    Running the tests in 'tests/testthat.R' failed.
    Complete output:
     > library(testthat)
     > library(rmapzen)
     >
     > test_check("rmapzen")
     == Skipped tests ===============================================================
     * skipping multiple contiguous tiles test, requires access to external resource (1)
     * skipping single-tile test, requires access to external resource (1)
    
     == Failed tests ================================================================
     -- Error (test-as-sf.R:23:5): as_sf converts vector tile layers to sf ----------
     Error: Evaluation error: Found 1 feature with invalid spherical geometry.
     [1] Loop 0 is not valid: Edge 17 is degenerate (duplicate vertex).
     Backtrace:
     x
     1. +-rmapzen::as_sf(ca_tiles$water) test-as-sf.R:23:4
     2. \-rmapzen:::as_sf.mapzen_vector_layer(ca_tiles$water)
     3. +-dplyr::summarise(res)
     4. \-sf:::summarise.sf(res)
     5. \-base::lapply(...)
     6. \-sf:::FUN(X[[i]], ...)
     7. +-sf::st_union(geom[i == x], is_coverage = is_coverage)
     8. \-sf:::st_union.sfc(geom[i == x], is_coverage = is_coverage)
     9. +-sf::st_as_sfc(s2::s2_union_agg(x, ...), crs = st_crs(x))
     10. \-s2::s2_union_agg(x, ...)
     11. +-s2:::new_s2_xptr(...)
     12. +-s2:::cpp_s2_union_agg(...)
     13. \-s2::s2_union(x, options = options)
     14. +-s2::as_s2_geography(x)
     15. \-sf:::as_s2_geography.sfc(x)
     16. \-sf:::st_as_s2.sfc(x, ..., oriented = oriented)
     17. +-s2::as_s2_geography(st_as_binary(x), ..., oriented = oriented)
     18. \-s2:::as_s2_geography.WKB(st_as_binary(x), ..., oriented = oriented)
     19. +-s2:::new_s2_xptr(...)
     20. \-s2:::s2_geography_from_wkb(x, oriented = oriented, check = check)
    
     [ FAIL 1 | WARN 1 | SKIP 2 | PASS 204 ]
     Error: Test failures
     Execution halted
Flavor: r-devel-windows-x86_64

Version: 0.4.2
Check: package dependencies
Result: ERROR
    Packages required but not available: 'geojsonio', 'sf'
    
    See section 'The DESCRIPTION file' in the 'Writing R Extensions'
    manual.
Flavor: r-devel-windows-x86_64-gcc10-UCRT

Version: 0.4.2
Check: tests
Result: ERROR
     Running ‘testthat.R’ [43s/46s]
    Running the tests in ‘tests/testthat.R’ failed.
    Complete output:
     > library(testthat)
     > library(rmapzen)
     >
     > test_check("rmapzen")
     ══ Skipped tests ═══════════════════════════════════════════════════════════════
     • skipping multiple contiguous tiles test, requires access to external resource (1)
     • skipping single-tile test, requires access to external resource (1)
    
     ══ Failed tests ════════════════════════════════════════════════════════════════
     ── Error (test-as-sf.R:23:5): as_sf converts vector tile layers to sf ──────────
     Error: Evaluation error: Found 1 feature with invalid spherical geometry.
     [1] Loop 0 is not valid: Edge 17 is degenerate (duplicate vertex).
     Backtrace:
     █
     1. ├─rmapzen::as_sf(ca_tiles$water) test-as-sf.R:23:4
     2. └─rmapzen:::as_sf.mapzen_vector_layer(ca_tiles$water)
     3. ├─dplyr::summarise(res)
     4. └─sf:::summarise.sf(res)
     5. └─base::lapply(...)
     6. └─sf:::FUN(X[[i]], ...)
     7. ├─sf::st_union(geom[i == x], is_coverage = is_coverage)
     8. └─sf:::st_union.sfc(geom[i == x], is_coverage = is_coverage)
     9. ├─sf::st_as_sfc(s2::s2_union_agg(x, ...), crs = st_crs(x))
     10. └─s2::s2_union_agg(x, ...)
     11. ├─s2:::new_s2_xptr(...)
     12. ├─s2:::cpp_s2_union_agg(...)
     13. └─s2::s2_union(x, options = options)
     14. ├─s2::as_s2_geography(x)
     15. └─sf:::as_s2_geography.sfc(x)
     16. └─sf:::st_as_s2.sfc(x, ..., oriented = oriented)
     17. ├─s2::as_s2_geography(st_as_binary(x), ..., oriented = oriented)
     18. └─s2:::as_s2_geography.WKB(st_as_binary(x), ..., oriented = oriented)
     19. ├─s2:::new_s2_xptr(...)
     20. └─s2:::s2_geography_from_wkb(x, oriented = oriented, check = check)
    
     [ FAIL 1 | WARN 1 | SKIP 2 | PASS 204 ]
     Error: Test failures
     Execution halted
Flavor: r-patched-linux-x86_64

Version: 0.4.2
Check: tests
Result: ERROR
     Running ‘testthat.R’ [59s/73s]
    Running the tests in ‘tests/testthat.R’ failed.
    Complete output:
     > library(testthat)
     > library(rmapzen)
     >
     > test_check("rmapzen")
     ══ Skipped tests ═══════════════════════════════════════════════════════════════
     • skipping multiple contiguous tiles test, requires access to external resource (1)
     • skipping single-tile test, requires access to external resource (1)
    
     ══ Failed tests ════════════════════════════════════════════════════════════════
     ── Error (test-as-sf.R:23:5): as_sf converts vector tile layers to sf ──────────
     Error: Evaluation error: Found 1 feature with invalid spherical geometry.
     [1] Loop 0 is not valid: Edge 17 is degenerate (duplicate vertex).
     Backtrace:
     █
     1. ├─rmapzen::as_sf(ca_tiles$water) test-as-sf.R:23:4
     2. └─rmapzen:::as_sf.mapzen_vector_layer(ca_tiles$water)
     3. ├─dplyr::summarise(res)
     4. └─sf:::summarise.sf(res)
     5. └─base::lapply(...)
     6. └─sf:::FUN(X[[i]], ...)
     7. ├─sf::st_union(geom[i == x], is_coverage = is_coverage)
     8. └─sf:::st_union.sfc(geom[i == x], is_coverage = is_coverage)
     9. ├─sf::st_as_sfc(s2::s2_union_agg(x, ...), crs = st_crs(x))
     10. └─s2::s2_union_agg(x, ...)
     11. ├─s2:::new_s2_xptr(...)
     12. ├─s2:::cpp_s2_union_agg(...)
     13. └─s2::s2_union(x, options = options)
     14. ├─s2::as_s2_geography(x)
     15. └─sf:::as_s2_geography.sfc(x)
     16. └─sf:::st_as_s2.sfc(x, ..., oriented = oriented)
     17. ├─s2::as_s2_geography(st_as_binary(x), ..., oriented = oriented)
     18. └─s2:::as_s2_geography.WKB(st_as_binary(x), ..., oriented = oriented)
     19. ├─s2:::new_s2_xptr(...)
     20. └─s2:::s2_geography_from_wkb(x, oriented = oriented, check = check)
    
     [ FAIL 1 | WARN 0 | SKIP 2 | PASS 204 ]
     Error: Test failures
     Execution halted
Flavor: r-patched-solaris-x86

Version: 0.4.2
Check: tests
Result: ERROR
     Running ‘testthat.R’ [43s/47s]
    Running the tests in ‘tests/testthat.R’ failed.
    Complete output:
     > library(testthat)
     > library(rmapzen)
     >
     > test_check("rmapzen")
     ══ Skipped tests ═══════════════════════════════════════════════════════════════
     • skipping multiple contiguous tiles test, requires access to external resource (1)
     • skipping single-tile test, requires access to external resource (1)
    
     ══ Failed tests ════════════════════════════════════════════════════════════════
     ── Error (test-as-sf.R:23:5): as_sf converts vector tile layers to sf ──────────
     Error: Evaluation error: Found 1 feature with invalid spherical geometry.
     [1] Loop 0 is not valid: Edge 17 is degenerate (duplicate vertex).
     Backtrace:
     █
     1. ├─rmapzen::as_sf(ca_tiles$water) test-as-sf.R:23:4
     2. └─rmapzen:::as_sf.mapzen_vector_layer(ca_tiles$water)
     3. ├─dplyr::summarise(res)
     4. └─sf:::summarise.sf(res)
     5. └─base::lapply(...)
     6. └─sf:::FUN(X[[i]], ...)
     7. ├─sf::st_union(geom[i == x], is_coverage = is_coverage)
     8. └─sf:::st_union.sfc(geom[i == x], is_coverage = is_coverage)
     9. ├─sf::st_as_sfc(s2::s2_union_agg(x, ...), crs = st_crs(x))
     10. └─s2::s2_union_agg(x, ...)
     11. ├─s2:::new_s2_xptr(...)
     12. ├─s2:::cpp_s2_union_agg(...)
     13. └─s2::s2_union(x, options = options)
     14. ├─s2::as_s2_geography(x)
     15. └─sf:::as_s2_geography.sfc(x)
     16. └─sf:::st_as_s2.sfc(x, ..., oriented = oriented)
     17. ├─s2::as_s2_geography(st_as_binary(x), ..., oriented = oriented)
     18. └─s2:::as_s2_geography.WKB(st_as_binary(x), ..., oriented = oriented)
     19. ├─s2:::new_s2_xptr(...)
     20. └─s2:::s2_geography_from_wkb(x, oriented = oriented, check = check)
    
     [ FAIL 1 | WARN 1 | SKIP 2 | PASS 204 ]
     Error: Test failures
     Execution halted
Flavor: r-release-linux-x86_64