Last updated on 2023-04-01 21:54:19 CEST.
Flavor | Version | Tinstall | Tcheck | Ttotal | Status | Flags |
---|---|---|---|---|---|---|
r-devel-linux-x86_64-debian-clang | 1.0.10 | 6.66 | 63.63 | 70.29 | OK | |
r-devel-linux-x86_64-debian-gcc | 1.0.10 | 5.71 | 49.20 | 54.91 | OK | |
r-devel-linux-x86_64-fedora-clang | 1.0.10 | 94.91 | OK | |||
r-devel-linux-x86_64-fedora-gcc | 1.0.10 | 107.50 | OK | |||
r-patched-linux-x86_64 | 1.0.10 | 10.34 | 63.25 | 73.59 | OK | |
r-release-linux-x86_64 | 1.0.10 | 6.09 | 64.92 | 71.01 | OK | |
r-release-macos-arm64 | 1.0.10 | 34.00 | OK | |||
r-release-macos-x86_64 | 1.0.10 | 46.00 | OK | |||
r-release-windows-x86_64 | 1.0.10 | 57.00 | 110.00 | 167.00 | OK | |
r-oldrel-macos-arm64 | 1.0.10 | 39.00 | OK | |||
r-oldrel-macos-x86_64 | 1.0.10 | 52.00 | OK | |||
r-oldrel-windows-ix86+x86_64 | 1.0.10 | 16.00 | 101.00 | 117.00 | ERROR |
Version: 1.0.10
Check: tests
Result: ERROR
Running 'testthat.R' [9s]
Flavor: r-oldrel-windows-ix86+x86_64