CRAN Package Check Results for Package rjmcmc

Last updated on 2022-11-27 06:53:06 CET.

Flavor Version Tinstall Tcheck Ttotal Status Flags
r-devel-linux-x86_64-debian-clang 0.4.5 8.63 88.48 97.11 NOTE
r-devel-linux-x86_64-debian-gcc 0.4.5 7.70 68.98 76.68 NOTE
r-devel-linux-x86_64-fedora-clang 0.4.5 134.67 NOTE
r-devel-linux-x86_64-fedora-gcc 0.4.5 128.27 NOTE
r-devel-windows-x86_64 0.4.5 12.00 109.00 121.00 NOTE
r-patched-linux-x86_64 0.4.5 11.27 85.60 96.87 NOTE
r-release-linux-x86_64 0.4.5 8.61 86.10 94.71 NOTE
r-release-macos-arm64 0.4.5 37.00 NOTE
r-release-macos-x86_64 0.4.5 49.00 NOTE
r-release-windows-x86_64 0.4.5 12.00 109.00 121.00 NOTE
r-oldrel-macos-arm64 0.4.5 38.00 NOTE
r-oldrel-macos-x86_64 0.4.5 71.00 NOTE
r-oldrel-windows-ix86+x86_64 0.4.5 19.00 109.00 128.00 NOTE

Check Details

Version: 0.4.5
Check: LazyData
Result: NOTE
     'LazyData' is specified without a 'data' directory
Flavors: r-devel-linux-x86_64-debian-clang, r-devel-linux-x86_64-debian-gcc, r-devel-linux-x86_64-fedora-clang, r-devel-linux-x86_64-fedora-gcc, r-devel-windows-x86_64, r-patched-linux-x86_64, r-release-linux-x86_64, r-release-macos-arm64, r-release-macos-x86_64, r-release-windows-x86_64, r-oldrel-macos-arm64, r-oldrel-macos-x86_64, r-oldrel-windows-ix86+x86_64

Version: 0.4.5
Check: dependencies in R code
Result: NOTE
    Namespace in Imports field not imported from: ‘coda’
     All declared Imports should be used.
Flavors: r-devel-linux-x86_64-fedora-clang, r-devel-linux-x86_64-fedora-gcc, r-release-macos-arm64, r-release-macos-x86_64, r-oldrel-macos-arm64, r-oldrel-macos-x86_64