CRAN Package Check Results for Package rjags

Last updated on 2021-07-27 01:51:00 CEST.

Flavor Version Tinstall Tcheck Ttotal Status Flags
r-devel-linux-x86_64-debian-clang 4-10 9.40 31.07 40.47 OK
r-devel-linux-x86_64-debian-gcc 4-10 7.70 24.45 32.15 OK
r-devel-linux-x86_64-fedora-clang 4-10 61.48 OK
r-devel-linux-x86_64-fedora-gcc 4-10 49.33 OK
r-devel-windows-x86_64 4-10 13.00 46.00 59.00 OK
r-devel-windows-x86_64-gcc10-UCRT 4-10 OK
r-patched-linux-x86_64 4-10 8.73 29.94 38.67 OK
r-patched-solaris-x86 4-10 76.40 OK
r-release-linux-x86_64 4-10 8.25 30.30 38.55 OK
r-release-macos-arm64 4-10 ERROR
r-release-macos-x86_64 4-10 OK
r-release-windows-ix86+x86_64 4-10 20.00 50.00 70.00 OK
r-oldrel-macos-x86_64 4-10 OK
r-oldrel-windows-ix86+x86_64 4-10 17.00 63.00 80.00 OK

Check Details

Version: 4-10
Check: whether package can be installed
Result: ERROR
    Installation failed.
Flavor: r-release-macos-arm64