CRAN Package Check Results for Package rintrojs

Last updated on 2024-06-13 00:55:29 CEST.

Flavor Version Tinstall Tcheck Ttotal Status Flags
r-devel-linux-x86_64-debian-clang 0.3.4 4.03 39.69 43.72 OK
r-devel-linux-x86_64-debian-gcc 0.3.4 3.34 29.09 32.43 ERROR
r-devel-linux-x86_64-fedora-clang 0.3.4 53.96 OK
r-devel-linux-x86_64-fedora-gcc 0.3.4 50.81 OK
r-devel-windows-x86_64 0.3.4 5.00 51.00 56.00 OK
r-patched-linux-x86_64 0.3.4 4.69 37.59 42.28 OK
r-release-linux-x86_64 0.3.4 3.60 37.76 41.36 OK
r-release-macos-arm64 0.3.4 19.00 OK
r-release-macos-x86_64 0.3.4 29.00 OK
r-release-windows-x86_64 0.3.4 6.00 53.00 59.00 OK
r-oldrel-macos-arm64 0.3.4 27.00 OK
r-oldrel-macos-x86_64 0.3.4 50.00 OK
r-oldrel-windows-x86_64 0.3.4 5.00 55.00 60.00 OK

Check Details

Version: 0.3.4
Check: package dependencies
Result: NOTE Package suggested but not available for checking: ‘testthat’ Flavor: r-devel-linux-x86_64-debian-gcc

Version: 0.3.4
Check: tests
Result: ERROR Running ‘testthat.R’ [0s/1s] Running the tests in ‘tests/testthat.R’ failed. Complete output: > library(testthat) Error in library(testthat) : there is no package called 'testthat' Execution halted Flavor: r-devel-linux-x86_64-debian-gcc