CRAN Package Check Results for Package rintimg

Last updated on 2024-06-24 21:56:55 CEST.

Flavor Version Tinstall Tcheck Ttotal Status Flags
r-devel-linux-x86_64-debian-clang 0.1.0 1.97 20.08 22.05 NOTE
r-devel-linux-x86_64-debian-gcc 0.1.0 1.61 15.95 17.56 NOTE
r-devel-linux-x86_64-fedora-clang 0.1.0 28.42 NOTE
r-devel-linux-x86_64-fedora-gcc 0.1.0 26.40 NOTE
r-devel-windows-x86_64 0.1.0 2.00 38.00 40.00 NOTE
r-patched-linux-x86_64 0.1.0 1.85 19.62 21.47 NOTE
r-release-linux-x86_64 0.1.0 2.01 19.46 21.47 NOTE
r-release-macos-arm64 0.1.0 14.00 NOTE
r-release-macos-x86_64 0.1.0 22.00 NOTE
r-release-windows-x86_64 0.1.0 3.00 37.00 40.00 NOTE
r-oldrel-macos-arm64 0.1.0 16.00 NOTE
r-oldrel-macos-x86_64 0.1.0 18.00 NOTE
r-oldrel-windows-x86_64 0.1.0 3.00 40.00 43.00 NOTE

Check Details

Version: 0.1.0
Check: LazyData
Result: NOTE 'LazyData' is specified without a 'data' directory Flavors: r-devel-linux-x86_64-debian-clang, r-devel-linux-x86_64-debian-gcc, r-devel-linux-x86_64-fedora-clang, r-devel-linux-x86_64-fedora-gcc, r-devel-windows-x86_64, r-patched-linux-x86_64, r-release-linux-x86_64, r-release-macos-arm64, r-release-macos-x86_64, r-release-windows-x86_64, r-oldrel-macos-arm64, r-oldrel-macos-x86_64, r-oldrel-windows-x86_64