CRAN Package Check Results for Package riingo

Last updated on 2021-08-02 19:51:02 CEST.

Flavor Version Tinstall Tcheck Ttotal Status Flags
r-devel-linux-x86_64-debian-clang 0.3.1 3.62 32.97 36.59 NOTE
r-devel-linux-x86_64-debian-gcc 0.3.1 2.53 25.76 28.29 NOTE
r-devel-linux-x86_64-fedora-clang 0.3.1 52.88 NOTE
r-devel-linux-x86_64-fedora-gcc 0.3.1 41.29 NOTE
r-devel-windows-x86_64 0.3.1 5.00 46.00 51.00 NOTE
r-devel-windows-x86_64-gcc10-UCRT 0.3.1 NOTE
r-patched-linux-x86_64 0.3.1 NOTE
r-patched-solaris-x86 0.3.1 62.50 NOTE
r-release-linux-x86_64 0.3.1 2.86 31.49 34.35 NOTE
r-release-macos-arm64 0.3.1 NOTE
r-release-macos-x86_64 0.3.1 NOTE
r-release-windows-ix86+x86_64 0.3.1 7.00 34.00 41.00 NOTE
r-oldrel-macos-x86_64 0.3.1 OK
r-oldrel-windows-ix86+x86_64 0.3.1 7.00 48.00 55.00 OK

Check Details

Version: 0.3.1
Check: LazyData
Result: NOTE
     'LazyData' is specified without a 'data' directory
Flavors: r-devel-linux-x86_64-debian-clang, r-devel-linux-x86_64-debian-gcc, r-devel-linux-x86_64-fedora-clang, r-devel-linux-x86_64-fedora-gcc, r-devel-windows-x86_64, r-devel-windows-x86_64-gcc10-UCRT, r-patched-linux-x86_64, r-patched-solaris-x86, r-release-linux-x86_64, r-release-macos-arm64, r-release-macos-x86_64, r-release-windows-ix86+x86_64