CRAN Package Check Results for Package riem

Last updated on 2021-08-04 13:53:14 CEST.

Flavor Version Tinstall Tcheck Ttotal Status Flags
r-devel-linux-x86_64-debian-clang 0.1.1 2.12 25.83 27.95 NOTE
r-devel-linux-x86_64-debian-gcc 0.1.1 1.46 20.22 21.68 NOTE
r-devel-linux-x86_64-fedora-clang 0.1.1 42.63 NOTE
r-devel-linux-x86_64-fedora-gcc 0.1.1 32.17 NOTE
r-devel-windows-x86_64 0.1.1 5.00 42.00 47.00 NOTE
r-devel-windows-x86_64-gcc10-UCRT 0.1.1 NOTE
r-patched-linux-x86_64 0.1.1 2.07 24.84 26.91 NOTE
r-patched-solaris-x86 0.1.1 50.60 NOTE
r-release-linux-x86_64 0.1.1 1.86 24.78 26.64 NOTE
r-release-macos-arm64 0.1.1 NOTE
r-release-macos-x86_64 0.1.1 NOTE
r-release-windows-ix86+x86_64 0.1.1 5.00 43.00 48.00 NOTE
r-oldrel-macos-x86_64 0.1.1 OK
r-oldrel-windows-ix86+x86_64 0.1.1 4.00 43.00 47.00 OK

Check Details

Version: 0.1.1
Check: LazyData
Result: NOTE
     'LazyData' is specified without a 'data' directory
Flavors: r-devel-linux-x86_64-debian-clang, r-devel-linux-x86_64-debian-gcc, r-devel-linux-x86_64-fedora-clang, r-devel-linux-x86_64-fedora-gcc, r-devel-windows-x86_64, r-devel-windows-x86_64-gcc10-UCRT, r-patched-linux-x86_64, r-patched-solaris-x86, r-release-linux-x86_64, r-release-macos-arm64, r-release-macos-x86_64, r-release-windows-ix86+x86_64