CRAN Package Check Results for Package ridigbio

Last updated on 2021-08-04 13:53:14 CEST.

Flavor Version Tinstall Tcheck Ttotal Status Flags
r-devel-linux-x86_64-debian-clang 0.3.5 2.50 26.89 29.39 NOTE
r-devel-linux-x86_64-debian-gcc 0.3.5 1.90 21.23 23.13 NOTE
r-devel-linux-x86_64-fedora-clang 0.3.5 44.92 NOTE
r-devel-linux-x86_64-fedora-gcc 0.3.5 33.74 NOTE
r-devel-windows-x86_64 0.3.5 2.00 42.00 44.00 NOTE
r-devel-windows-x86_64-gcc10-UCRT 0.3.5 NOTE
r-patched-linux-x86_64 0.3.5 2.54 26.05 28.59 NOTE
r-patched-solaris-x86 0.3.5 51.60 NOTE
r-release-linux-x86_64 0.3.5 2.37 26.19 28.56 NOTE
r-release-macos-arm64 0.3.5 NOTE
r-release-macos-x86_64 0.3.5 NOTE
r-release-windows-ix86+x86_64 0.3.5 5.00 31.00 36.00 NOTE
r-oldrel-macos-x86_64 0.3.5 OK
r-oldrel-windows-ix86+x86_64 0.3.5 4.00 43.00 47.00 OK

Check Details

Version: 0.3.5
Check: LazyData
Result: NOTE
     'LazyData' is specified without a 'data' directory
Flavors: r-devel-linux-x86_64-debian-clang, r-devel-linux-x86_64-debian-gcc, r-devel-linux-x86_64-fedora-clang, r-devel-linux-x86_64-fedora-gcc, r-devel-windows-x86_64, r-devel-windows-x86_64-gcc10-UCRT, r-patched-linux-x86_64, r-patched-solaris-x86, r-release-linux-x86_64, r-release-macos-arm64, r-release-macos-x86_64, r-release-windows-ix86+x86_64