CRAN Package Check Results for Package riceware

Last updated on 2021-09-19 13:49:31 CEST.

Flavor Version Tinstall Tcheck Ttotal Status Flags
r-devel-linux-x86_64-debian-clang 0.4 2.16 23.66 25.82 OK
r-devel-linux-x86_64-debian-gcc 0.4 1.90 18.98 20.88 OK
r-devel-linux-x86_64-fedora-clang 0.4 40.74 OK
r-devel-linux-x86_64-fedora-gcc 0.4 30.00 OK
r-devel-windows-x86_64 0.4 4.00 43.00 47.00 OK
r-devel-windows-x86_64-gcc10-UCRT 0.4 ERROR
r-patched-linux-x86_64 0.4 2.07 23.35 25.42 OK
r-patched-solaris-x86 0.4 48.40 OK
r-release-linux-x86_64 0.4 2.38 23.14 25.52 OK
r-release-macos-arm64 0.4 OK
r-release-macos-x86_64 0.4 OK
r-release-windows-ix86+x86_64 0.4 5.00 30.00 35.00 OK
r-oldrel-macos-x86_64 0.4 OK
r-oldrel-windows-ix86+x86_64 0.4 5.00 32.00 37.00 OK

Check Details

Version: 0.4
Check: whether package can be installed
Result: WARN
    Found the following significant warnings:
     WARNING: installation-time patches will not be applied, could not get the patches index
Flavor: r-devel-windows-x86_64-gcc10-UCRT

Version: 0.4
Check: PDF version of manual
Result: WARN
    LaTeX errors when creating PDF version.
    This typically indicates Rd problems.
Flavor: r-devel-windows-x86_64-gcc10-UCRT

Version: 0.4
Check: PDF version of manual without hyperrefs or index
Result: ERROR
    Re-running with no redirection of stdout/stderr.
Flavor: r-devel-windows-x86_64-gcc10-UCRT