CRAN Package Check Results for Package rhymer

Last updated on 2021-07-31 13:52:47 CEST.

Flavor Version Tinstall Tcheck Ttotal Status Flags
r-devel-linux-x86_64-debian-clang 1.1.0 2.20 25.96 28.16 NOTE
r-devel-linux-x86_64-debian-gcc 1.1.0 1.61 20.70 22.31 NOTE
r-devel-linux-x86_64-fedora-clang 1.1.0 44.71 NOTE
r-devel-linux-x86_64-fedora-gcc 1.1.0 32.15 NOTE
r-devel-windows-x86_64 1.1.0 3.00 48.00 51.00 NOTE
r-devel-windows-x86_64-gcc10-UCRT 1.1.0 NOTE
r-patched-linux-x86_64 1.1.0 NOTE
r-patched-solaris-x86 1.1.0 43.90 ERROR
r-release-linux-x86_64 1.1.0 2.03 25.54 27.57 NOTE
r-release-macos-arm64 1.1.0 NOTE
r-release-macos-x86_64 1.1.0 NOTE
r-release-windows-ix86+x86_64 1.1.0 5.00 50.00 55.00 NOTE
r-oldrel-macos-x86_64 1.1.0 OK
r-oldrel-windows-ix86+x86_64 1.1.0 4.00 49.00 53.00 OK

Check Details

Version: 1.1.0
Check: LazyData
Result: NOTE
     'LazyData' is specified without a 'data' directory
Flavors: r-devel-linux-x86_64-debian-clang, r-devel-linux-x86_64-debian-gcc, r-devel-linux-x86_64-fedora-clang, r-devel-linux-x86_64-fedora-gcc, r-devel-windows-x86_64, r-devel-windows-x86_64-gcc10-UCRT, r-patched-linux-x86_64, r-patched-solaris-x86, r-release-linux-x86_64, r-release-macos-arm64, r-release-macos-x86_64, r-release-windows-ix86+x86_64

Version: 1.1.0
Check: examples
Result: ERROR
    Running examples in ‘rhymer-Ex.R’ failed
    The error most likely occurred in:
    
    > ### Name: datamuse_api
    > ### Title: Call Datamuse API and return data.
    > ### Aliases: datamuse_api
    >
    > ### ** Examples
    >
    > datamuse_api("/words?rel_rhy=test")
    Error: Datamuse API request failed [503]
    Execution halted
Flavor: r-patched-solaris-x86

Version: 1.1.0
Check: tests
Result: ERROR
     Running ‘testthat.R’
    Running the tests in ‘tests/testthat.R’ failed.
    Complete output:
     > library(testthat)
     > library(rhymer)
     >
     > test_check("rhymer")
     ══ Failed tests ════════════════════════════════════════════════════════════════
     ── Error (test_rhymer.R:8:3): get_rhyme returns dataframe of words ─────────────
     Error: Datamuse API request failed [503]
     Backtrace:
     █
     1. └─rhymer::get_rhyme(WORD_TO_TEST, limit = 10) test_rhymer.R:8:2
     2. └─rhymer::get_content(...)
     3. └─rhymer::datamuse_api(full_path, limit)
     ── Error (test_rhymer.R:19:3): get_rhyme with syllable argument works ──────────
     Error: Datamuse API request failed [503]
     Backtrace:
     █
     1. └─rhymer::get_rhyme(WORD_TO_TEST, limit = 10, num_syl = 3) test_rhymer.R:19:2
     2. └─rhymer::get_content(...)
     3. └─rhymer::datamuse_api(full_path, limit)
     ── Error (test_rhymer.R:31:3): get_means_like returns dataframe of words ───────
     Error: Datamuse API request failed [503]
     Backtrace:
     █
     1. └─rhymer::get_means_like(WORD_TO_TEST, limit = 10) test_rhymer.R:31:2
     2. └─rhymer::get_content(...)
     3. └─rhymer::datamuse_api(full_path, limit)
     ── Error (test_rhymer.R:42:3): get_sounds_like returns dataframe of words ──────
     Error: Datamuse API request failed [503]
     Backtrace:
     █
     1. └─rhymer::get_sounds_like(WORD_TO_TEST, limit = 10) test_rhymer.R:42:2
     2. └─rhymer::get_content(...)
     3. └─rhymer::datamuse_api(full_path, limit)
     ── Error (test_rhymer.R:58:3): get_spelled_like returns dataframe of words ─────
     Error: Datamuse API request failed [503]
     Backtrace:
     █
     1. └─rhymer::get_spelled_like(WORD_TO_TEST, limit = 10) test_rhymer.R:58:2
     2. └─rhymer::get_content(...)
     3. └─rhymer::datamuse_api(full_path, limit)
     ── Error (test_rhymer.R:69:3): get_other_related returns dataframe of words ────
     Error: Datamuse API request failed [503]
     Backtrace:
     █
     1. └─rhymer::get_other_related(WORD_TO_TEST, code = "spc", limit = 10) test_rhymer.R:69:2
     2. └─rhymer::get_content(...)
     3. └─rhymer::datamuse_api(full_path, limit)
     ── Error (test_rhymer.R:84:3): get_content sends warning if no results ─────────
     Error: Datamuse API request failed [503]
     Backtrace:
     █
     1. ├─testthat::expect_warning(...) test_rhymer.R:84:2
     2. │ └─testthat:::quasi_capture(enquo(object), label, capture_warnings)
     3. │ ├─testthat:::.capture(...)
     4. │ │ └─base::withCallingHandlers(...)
     5. │ └─rlang::eval_bare(quo_get_expr(.quo), quo_get_env(.quo))
     6. └─rhymer::get_content("words?rel_rhy=giberishhh")
     7. └─rhymer::datamuse_api(full_path, limit)
     ── Error (test_rhymer.R:88:3): return_content returns correct type ─────────────
     Error: Datamuse API request failed [503]
     Backtrace:
     █
     1. ├─testthat::expect_is(...) test_rhymer.R:88:2
     2. │ └─testthat::quasi_label(enquo(object), label, arg = "object")
     3. │ └─rlang::eval_bare(expr, quo_get_env(quo))
     4. └─rhymer::get_content("words?rel_rhy=test", return_type = "df")
     5. └─rhymer::datamuse_api(full_path, limit)
    
     [ FAIL 8 | WARN 0 | SKIP 0 | PASS 1 ]
     Error: Test failures
     Execution halted
Flavor: r-patched-solaris-x86

Version: 1.1.0
Check: re-building of vignette outputs
Result: WARN
    Error(s) in re-building vignettes:
     ...
    --- re-building ‘intro-to-rhymer.Rmd’ using rmarkdown
    Warning in engine$weave(file, quiet = quiet, encoding = enc) :
     Pandoc (>= 1.12.3) not available. Falling back to R Markdown v1.
    Quitting from lines 37-38 (intro-to-rhymer.Rmd)
    Error: processing vignette 'intro-to-rhymer.Rmd' failed with diagnostics:
    Datamuse API request failed [503]
    --- failed re-building ‘intro-to-rhymer.Rmd’
    
    SUMMARY: processing the following file failed:
     ‘intro-to-rhymer.Rmd’
    
    Error: Vignette re-building failed.
    Execution halted
Flavor: r-patched-solaris-x86