CRAN Package Check Results for Package rhosa

Last updated on 2021-08-04 13:53:14 CEST.

Flavor Version Tinstall Tcheck Ttotal Status Flags
r-devel-linux-x86_64-debian-clang 0.1.0 3.08 202.58 205.66 NOTE
r-devel-linux-x86_64-debian-gcc 0.1.0 2.22 132.55 134.77 NOTE
r-devel-linux-x86_64-fedora-clang 0.1.0 232.42 NOTE
r-devel-linux-x86_64-fedora-gcc 0.1.0 235.41 NOTE
r-devel-windows-x86_64 0.1.0 4.00 233.00 237.00 NOTE
r-devel-windows-x86_64-gcc10-UCRT 0.1.0 NOTE
r-patched-linux-x86_64 0.1.0 2.58 191.63 194.21 NOTE
r-patched-solaris-x86 0.1.0 286.50 NOTE
r-release-linux-x86_64 0.1.0 2.67 187.09 189.76 NOTE
r-release-macos-arm64 0.1.0 WARN
r-release-macos-x86_64 0.1.0 NOTE
r-release-windows-ix86+x86_64 0.1.0 6.00 237.00 243.00 NOTE
r-oldrel-macos-x86_64 0.1.0 OK
r-oldrel-windows-ix86+x86_64 0.1.0 5.00 234.00 239.00 OK

Check Details

Version: 0.1.0
Check: LazyData
Result: NOTE
     'LazyData' is specified without a 'data' directory
Flavors: r-devel-linux-x86_64-debian-clang, r-devel-linux-x86_64-debian-gcc, r-devel-linux-x86_64-fedora-clang, r-devel-linux-x86_64-fedora-gcc, r-devel-windows-x86_64, r-devel-windows-x86_64-gcc10-UCRT, r-patched-linux-x86_64, r-patched-solaris-x86, r-release-linux-x86_64, r-release-macos-arm64, r-release-macos-x86_64, r-release-windows-ix86+x86_64

Version: 0.1.0
Check: re-building of vignette outputs
Result: WARN
    Error(s) in re-building vignettes:
     ...
    --- re-building ‘quadratic_phase_coupling.Rmd’ using rmarkdown
    Warning in engine$weave(file, quiet = quiet, encoding = enc) :
     Pandoc (>= 1.12.3) not available. Falling back to R Markdown v1.
    Quitting from lines 104-118 (quadratic_phase_coupling.Rmd)
    Error: processing vignette 'quadratic_phase_coupling.Rmd' failed with diagnostics:
    polygon edge not found
    --- failed re-building ‘quadratic_phase_coupling.Rmd’
    
    SUMMARY: processing the following file failed:
     ‘quadratic_phase_coupling.Rmd’
    
    Error: Vignette re-building failed.
    Execution halted
Flavor: r-release-macos-arm64