CRAN Package Check Results for Package rhandsontable

Last updated on 2024-06-17 18:53:18 CEST.

Flavor Version Tinstall Tcheck Ttotal Status Flags
r-devel-linux-x86_64-debian-clang 0.3.8 9.98 79.00 88.98 NOTE
r-devel-linux-x86_64-debian-gcc 0.3.8 3.55 60.14 63.69 NOTE
r-devel-linux-x86_64-fedora-clang 0.3.8 103.81 NOTE
r-devel-linux-x86_64-fedora-gcc 0.3.8 111.97 NOTE
r-devel-windows-x86_64 0.3.8 9.00 80.00 89.00 NOTE
r-patched-linux-x86_64 0.3.8 8.00 76.58 84.58 NOTE
r-release-linux-x86_64 0.3.8 9.27 75.27 84.54 NOTE
r-release-macos-arm64 0.3.8 45.00 NOTE
r-release-macos-x86_64 0.3.8 61.00 NOTE
r-release-windows-x86_64 0.3.8 10.00 81.00 91.00 NOTE
r-oldrel-macos-arm64 0.3.8 47.00 NOTE
r-oldrel-macos-x86_64 0.3.8 62.00 NOTE
r-oldrel-windows-x86_64 0.3.8 11.00 93.00 104.00 NOTE

Check Details

Version: 0.3.8
Check: Rd files
Result: NOTE checkRd: (-1) rhandsontable-package.Rd:8: Lost braces 8 | R interface for creating tables using Handsontable, url{https://handsontable.com/} | ^ Flavors: r-devel-linux-x86_64-debian-clang, r-devel-linux-x86_64-debian-gcc, r-devel-linux-x86_64-fedora-clang, r-devel-linux-x86_64-fedora-gcc, r-devel-windows-x86_64, r-patched-linux-x86_64, r-release-linux-x86_64, r-release-macos-arm64, r-release-macos-x86_64, r-release-windows-x86_64

Version: 0.3.8
Check: installed package size
Result: NOTE installed size is 11.7Mb sub-directories of 1Mb or more: doc 10.3Mb htmlwidgets 1.3Mb Flavors: r-devel-linux-x86_64-fedora-clang, r-devel-windows-x86_64, r-release-macos-arm64, r-release-macos-x86_64, r-release-windows-x86_64, r-oldrel-macos-arm64, r-oldrel-macos-x86_64, r-oldrel-windows-x86_64