CRAN Package Check Results for Package rgeos

Last updated on 2022-11-28 18:52:27 CET.

Flavor Version Tinstall Tcheck Ttotal Status Flags
r-devel-linux-x86_64-debian-clang 0.5-9 17.40 74.52 91.92 OK
r-devel-linux-x86_64-debian-gcc 0.5-9 13.15 57.08 70.23 OK
r-devel-linux-x86_64-fedora-clang 0.5-9 130.08 OK
r-devel-linux-x86_64-fedora-gcc 0.5-9 123.64 OK
r-devel-windows-x86_64 0.5-9 83.00 159.00 242.00 OK
r-patched-linux-x86_64 0.5-9 18.69 70.79 89.48 OK
r-release-linux-x86_64 0.5-9 15.27 70.08 85.35 OK
r-release-macos-arm64 0.5-9 42.00 NOTE
r-release-macos-x86_64 0.5-9 54.00 OK
r-release-windows-x86_64 0.5-9 106.00 162.00 268.00 OK
r-oldrel-macos-arm64 0.5-9 48.00 NOTE
r-oldrel-macos-x86_64 0.5-9 57.00 NOTE
r-oldrel-windows-ix86+x86_64 0.5-9 66.00 152.00 218.00 NOTE

Check Details

Version: 0.5-9
Check: installed package size
Result: NOTE
     installed size is 34.3Mb
     sub-directories of 1Mb or more:
     libs 33.3Mb
Flavors: r-release-macos-arm64, r-oldrel-macos-arm64, r-oldrel-macos-x86_64, r-oldrel-windows-ix86+x86_64