CRAN Package Check Results for Package rgeos

Last updated on 2021-06-17 22:55:07 CEST.

Flavor Version Tinstall Tcheck Ttotal Status Flags
r-devel-linux-x86_64-debian-clang 0.5-5 16.93 67.13 84.06 OK
r-devel-linux-x86_64-debian-gcc 0.5-5 12.30 50.39 62.69 OK
r-devel-linux-x86_64-fedora-clang 0.5-5 111.08 OK
r-devel-linux-x86_64-fedora-gcc 0.5-5 99.59 OK
r-devel-windows-x86_64 0.5-5 46.00 113.00 159.00 OK
r-devel-windows-x86_64-gcc10-UCRT 0.5-5 OK
r-patched-linux-x86_64 0.5-5 18.50 62.95 81.45 OK
r-patched-solaris-x86 0.5-5 129.20 OK
r-release-linux-x86_64 0.5-5 15.75 63.36 79.11 OK
r-release-macos-arm64 0.5-5 NOTE
r-release-macos-x86_64 0.5-5 NOTE
r-release-windows-ix86+x86_64 0.5-5 62.00 143.00 205.00 NOTE
r-oldrel-macos-x86_64 0.5-5 NOTE
r-oldrel-windows-ix86+x86_64 0.5-5 51.00 150.00 201.00 NOTE

Check Details

Version: 0.5-5
Check: package dependencies
Result: NOTE
    Package suggested but not available for checking: ‘rgdal’
Flavor: r-release-macos-arm64

Version: 0.5-5
Check: installed package size
Result: NOTE
     installed size is 37.0Mb
     sub-directories of 1Mb or more:
     libs 36.1Mb
Flavors: r-release-macos-arm64, r-release-macos-x86_64, r-release-windows-ix86+x86_64, r-oldrel-macos-x86_64, r-oldrel-windows-ix86+x86_64