CRAN Package Check Results for Package rgdal

Last updated on 2021-05-08 19:49:35 CEST.

Flavor Version Tinstall Tcheck Ttotal Status Flags
r-devel-linux-x86_64-debian-clang 1.5-23 48.53 136.10 184.63 OK
r-devel-linux-x86_64-debian-gcc 1.5-23 30.92 108.05 138.97 OK
r-devel-linux-x86_64-fedora-clang 1.5-23 232.57 NOTE
r-devel-linux-x86_64-fedora-gcc 1.5-23 217.39 OK
r-devel-windows-ix86+x86_64 1.5-23 107.00 5.00 112.00 ERROR
r-devel-windows-x86_64-gcc10-UCRT 1.5-23 OK
r-patched-linux-x86_64 1.5-23 38.28 134.54 172.82 OK
r-patched-solaris-x86 1.5-23 248.00 NOTE
r-release-linux-x86_64 1.5-23 38.76 132.55 171.31 OK
r-release-macos-x86_64 1.5-23 NOTE
r-release-windows-ix86+x86_64 1.5-23 131.00 515.00 646.00 NOTE
r-oldrel-macos-x86_64 1.5-23 NOTE
r-oldrel-windows-ix86+x86_64 1.5-23 149.00 695.00 844.00 NOTE

Check Details

Version: 1.5-23
Check: installed package size
Result: NOTE
     installed size is 7.9Mb
     sub-directories of 1Mb or more:
     doc 3.4Mb
     pictures 1.3Mb
Flavors: r-devel-linux-x86_64-fedora-clang, r-patched-solaris-x86, r-release-macos-x86_64, r-release-windows-ix86+x86_64, r-oldrel-macos-x86_64, r-oldrel-windows-ix86+x86_64

Version: 1.5-23
Check: whether package can be installed
Result: ERROR
    Installation failed.
    See 'd:/Rcompile/CRANpkg/local/4.1/rgdal.Rcheck/00install.out'* DONE
Flavor: r-devel-windows-ix86+x86_64