CRAN Package Check Results for Package rfishnet2

Last updated on 2021-08-01 07:52:02 CEST.

Flavor Version Tinstall Tcheck Ttotal Status Flags
r-devel-linux-x86_64-debian-clang 0.2.0 4.34 48.61 52.95 OK
r-devel-linux-x86_64-debian-gcc 0.2.0 3.62 36.56 40.18 OK
r-devel-linux-x86_64-fedora-clang 0.2.0 73.16 NOTE
r-devel-linux-x86_64-fedora-gcc 0.2.0 60.41 NOTE
r-devel-windows-x86_64 0.2.0 15.00 73.00 88.00 OK
r-devel-windows-x86_64-gcc10-UCRT 0.2.0 NOTE
r-patched-linux-x86_64 0.2.0 OK
r-patched-solaris-x86 0.2.0 93.00 NOTE
r-release-linux-x86_64 0.2.0 4.54 44.47 49.01 OK
r-release-macos-arm64 0.2.0 NOTE
r-release-macos-x86_64 0.2.0 NOTE
r-release-windows-ix86+x86_64 0.2.0 12.00 55.00 67.00 OK
r-oldrel-macos-x86_64 0.2.0 NOTE
r-oldrel-windows-ix86+x86_64 0.2.0 14.00 69.00 83.00 OK

Check Details

Version: 0.2.0
Check: dependencies in R code
Result: NOTE
    Namespace in Imports field not imported from: ‘sf’
     All declared Imports should be used.
Flavors: r-devel-linux-x86_64-fedora-clang, r-devel-linux-x86_64-fedora-gcc, r-devel-windows-x86_64-gcc10-UCRT, r-patched-solaris-x86, r-release-macos-arm64, r-release-macos-x86_64, r-oldrel-macos-x86_64