CRAN Package Check Results for Package rfieldclimate

Last updated on 2021-07-31 19:51:41 CEST.

Flavor Version Tinstall Tcheck Ttotal Status Flags
r-devel-linux-x86_64-debian-clang 0.1.0 5.40 53.85 59.25 NOTE
r-devel-linux-x86_64-debian-gcc 0.1.0 4.66 40.64 45.30 NOTE
r-devel-linux-x86_64-fedora-clang 0.1.0 80.07 NOTE
r-devel-linux-x86_64-fedora-gcc 0.1.0 67.45 NOTE
r-devel-windows-x86_64 0.1.0 9.00 79.00 88.00 NOTE
r-devel-windows-x86_64-gcc10-UCRT 0.1.0 NOTE
r-patched-linux-x86_64 0.1.0 NOTE
r-patched-solaris-x86 0.1.0 97.00 NOTE
r-release-linux-x86_64 0.1.0 5.72 49.90 55.62 NOTE
r-release-macos-arm64 0.1.0 NOTE
r-release-macos-x86_64 0.1.0 NOTE
r-release-windows-ix86+x86_64 0.1.0 13.00 57.00 70.00 NOTE
r-oldrel-macos-x86_64 0.1.0 OK
r-oldrel-windows-ix86+x86_64 0.1.0 10.00 73.00 83.00 OK

Check Details

Version: 0.1.0
Check: LazyData
Result: NOTE
     'LazyData' is specified without a 'data' directory
Flavors: r-devel-linux-x86_64-debian-clang, r-devel-linux-x86_64-debian-gcc, r-devel-linux-x86_64-fedora-clang, r-devel-linux-x86_64-fedora-gcc, r-devel-windows-x86_64, r-devel-windows-x86_64-gcc10-UCRT, r-patched-linux-x86_64, r-patched-solaris-x86, r-release-linux-x86_64, r-release-macos-arm64, r-release-macos-x86_64, r-release-windows-ix86+x86_64