Last updated on 2023-02-03 12:56:11 CET.
Flavor | Version | Tinstall | Tcheck | Ttotal | Status | Flags |
---|---|---|---|---|---|---|
r-devel-linux-x86_64-debian-clang | 0.2.0 | 5.93 | 53.03 | 58.96 | OK | |
r-devel-linux-x86_64-debian-gcc | 0.2.0 | 4.43 | 40.45 | 44.88 | OK | |
r-devel-linux-x86_64-fedora-clang | 0.2.0 | 79.28 | NOTE | |||
r-devel-linux-x86_64-fedora-gcc | 0.2.0 | 88.57 | NOTE | |||
r-patched-linux-x86_64 | 0.2.0 | 4.98 | 54.62 | 59.60 | OK | |
r-release-linux-x86_64 | 0.2.0 | 6.71 | 54.32 | 61.03 | OK | |
r-release-macos-arm64 | 0.2.0 | 26.00 | NOTE | |||
r-release-macos-x86_64 | 0.2.0 | 56.00 | NOTE | |||
r-release-windows-x86_64 | 0.2.0 | 11.00 | 106.00 | 117.00 | OK | |
r-oldrel-macos-arm64 | 0.2.0 | 33.00 | NOTE | |||
r-oldrel-macos-x86_64 | 0.2.0 | 38.00 | NOTE | |||
r-oldrel-windows-ix86+x86_64 | 0.2.0 | 13.00 | 79.00 | 92.00 | OK |
Version: 0.2.0
Check: dependencies in R code
Result: NOTE
Namespace in Imports field not imported from: ‘pkgload’
All declared Imports should be used.
Flavors: r-devel-linux-x86_64-fedora-clang, r-devel-linux-x86_64-fedora-gcc, r-release-macos-arm64, r-release-macos-x86_64, r-oldrel-macos-arm64, r-oldrel-macos-x86_64